{"id":68254,"date":"2025-11-11T18:24:19","date_gmt":"2025-11-11T17:24:19","guid":{"rendered":"https:\/\/www.ernstbrunn-apotheke.at\/katalog\/produkt\/syneo-free-antitranspirant-spray-75-ml\/"},"modified":"2025-12-08T18:01:45","modified_gmt":"2025-12-08T17:01:45","slug":"syneo-free-antitranspirant-spray-75-ml","status":"publish","type":"product","link":"https:\/\/www.ernstbrunn-apotheke.at\/katalog\/produkt\/syneo-free-antitranspirant-spray-75-ml\/","title":{"rendered":"Syneo FREE Antitranspirant Spray 75 ml"},"content":{"rendered":"<p>Syneo FREE Antitranspirant Spray ganz ohne Aluminium mit dem nat\u00fcrlichen Wirkstoff aus der Weintraube. Der Spray bietet 48 Stunden zuverl\u00e4ssigen Schutz vor Schwei\u00df und K\u00f6rpergeruch. Pflegt die Haut mit einem Komplex aus Urea, Panthenol und Allantoin.<\/p>\n","protected":false},"excerpt":{"rendered":"<p>Syneo FREE Antitranspirant Spray ganz ohne Aluminium mit dem nat\u00fcrlichen Wirkstoff aus der Weintraube. Der Spray bietet 48 Stunden zuverl\u00e4ssigen Schutz vor Schwei\u00df und K\u00f6rpergeruch. Pflegt die Haut mit einem Komplex aus Urea, Panthenol und Allantoin.<\/p>\n","protected":false},"featured_media":68256,"template":"","meta":{"_acf_changed":false},"product_brand":[],"product_cat":[791],"product_tag":[],"class_list":{"0":"post-68254","1":"product","2":"type-product","3":"status-publish","4":"has-post-thumbnail","6":"product_cat-s","7":"pa_packungsgroesse-75ml","9":"first","10":"instock","11":"shipping-taxable","12":"purchasable","13":"product-type-simple"},"acf":[],"_links":{"self":[{"href":"https:\/\/www.ernstbrunn-apotheke.at\/katalog\/wp-json\/wp\/v2\/product\/68254","targetHints":{"allow":["GET"]}}],"collection":[{"href":"https:\/\/www.ernstbrunn-apotheke.at\/katalog\/wp-json\/wp\/v2\/product"}],"about":[{"href":"https:\/\/www.ernstbrunn-apotheke.at\/katalog\/wp-json\/wp\/v2\/types\/product"}],"wp:featuredmedia":[{"embeddable":true,"href":"https:\/\/www.ernstbrunn-apotheke.at\/katalog\/wp-json\/wp\/v2\/media\/68256"}],"wp:attachment":[{"href":"https:\/\/www.ernstbrunn-apotheke.at\/katalog\/wp-json\/wp\/v2\/media?parent=68254"}],"wp:term":[{"taxonomy":"product_brand","embeddable":true,"href":"https:\/\/www.ernstbrunn-apotheke.at\/katalog\/wp-json\/wp\/v2\/product_brand?post=68254"},{"taxonomy":"product_cat","embeddable":true,"href":"https:\/\/www.ernstbrunn-apotheke.at\/katalog\/wp-json\/wp\/v2\/product_cat?post=68254"},{"taxonomy":"product_tag","embeddable":true,"href":"https:\/\/www.ernstbrunn-apotheke.at\/katalog\/wp-json\/wp\/v2\/product_tag?post=68254"}],"curies":[{"name":"wp","href":"https:\/\/api.w.org\/{rel}","templated":true}]}}