{"id":67521,"date":"2025-11-11T12:35:44","date_gmt":"2025-11-11T11:35:44","guid":{"rendered":"https:\/\/www.ernstbrunn-apotheke.at\/katalog\/produkt\/lierac-sunissime-koerpermilch-lsf-50-150-ml\/"},"modified":"2025-12-08T17:57:50","modified_gmt":"2025-12-08T16:57:50","slug":"lierac-sunissime-koerpermilch-lsf-50-150-ml","status":"publish","type":"product","link":"https:\/\/www.ernstbrunn-apotheke.at\/katalog\/produkt\/lierac-sunissime-koerpermilch-lsf-50-150-ml\/","title":{"rendered":"Lierac Sunissime K\u00f6rpermilch LSF 50 150 ml"},"content":{"rendered":"<p>Lierac Sunissime K\u00f6rpermilch LSF 50 150 ml ist Teil der ersten Anti-Aging Sonnenpflegeserie von LIERAC, die die Haut rundum sch\u00fctzt und gleichzeitig belebt. Die aktivierende Textur mit einem sonnigen, verf\u00fchrerischen Duft legt sich wie ein sanfter Schleier auf die Haut, f\u00fcr einen sofortigen Schutz der Hautbarriere . Sinnlich und zartschmelzend f\u00fcr ein unsichtbares Ergebnis auf der Haut, das weder fettet noch klebt &#8211; dieses und weitere Produkte der Sunissime-Reihe von LIERAC mit hohem Rabatt bestellen!<\/p>\n","protected":false},"excerpt":{"rendered":"<p>Lierac Sunissime K\u00f6rpermilch LSF 50 150 ml ist Teil der ersten Anti-Aging Sonnenpflegeserie von LIERAC, die die Haut rundum sch\u00fctzt und gleichzeitig belebt. Die aktivierende Textur mit einem sonnigen, verf\u00fchrerischen Duft legt sich wie ein sanfter Schleier auf die Haut, f\u00fcr einen sofortigen Schutz der Hautbarriere . Sinnlich und zartschmelzend f\u00fcr ein unsichtbares Ergebnis auf [&hellip;]<\/p>\n","protected":false},"featured_media":67523,"template":"","meta":{"_acf_changed":false},"product_brand":[709],"product_cat":[795],"product_tag":[],"class_list":{"0":"post-67521","1":"product","2":"type-product","3":"status-publish","4":"has-post-thumbnail","6":"product_brand-lierac","7":"product_cat-l","8":"pa_packungsgroesse-150ml","10":"first","11":"instock","12":"shipping-taxable","13":"purchasable","14":"product-type-simple"},"acf":[],"_links":{"self":[{"href":"https:\/\/www.ernstbrunn-apotheke.at\/katalog\/wp-json\/wp\/v2\/product\/67521","targetHints":{"allow":["GET"]}}],"collection":[{"href":"https:\/\/www.ernstbrunn-apotheke.at\/katalog\/wp-json\/wp\/v2\/product"}],"about":[{"href":"https:\/\/www.ernstbrunn-apotheke.at\/katalog\/wp-json\/wp\/v2\/types\/product"}],"wp:featuredmedia":[{"embeddable":true,"href":"https:\/\/www.ernstbrunn-apotheke.at\/katalog\/wp-json\/wp\/v2\/media\/67523"}],"wp:attachment":[{"href":"https:\/\/www.ernstbrunn-apotheke.at\/katalog\/wp-json\/wp\/v2\/media?parent=67521"}],"wp:term":[{"taxonomy":"product_brand","embeddable":true,"href":"https:\/\/www.ernstbrunn-apotheke.at\/katalog\/wp-json\/wp\/v2\/product_brand?post=67521"},{"taxonomy":"product_cat","embeddable":true,"href":"https:\/\/www.ernstbrunn-apotheke.at\/katalog\/wp-json\/wp\/v2\/product_cat?post=67521"},{"taxonomy":"product_tag","embeddable":true,"href":"https:\/\/www.ernstbrunn-apotheke.at\/katalog\/wp-json\/wp\/v2\/product_tag?post=67521"}],"curies":[{"name":"wp","href":"https:\/\/api.w.org\/{rel}","templated":true}]}}