{"id":67434,"date":"2025-11-11T12:33:28","date_gmt":"2025-11-11T11:33:28","guid":{"rendered":"https:\/\/www.ernstbrunn-apotheke.at\/katalog\/produkt\/zink-chelat-10mg-kapseln\/"},"modified":"2025-12-08T17:57:29","modified_gmt":"2025-12-08T16:57:29","slug":"zink-chelat-10mg-kapseln","status":"publish","type":"product","link":"https:\/\/www.ernstbrunn-apotheke.at\/katalog\/produkt\/zink-chelat-10mg-kapseln\/","title":{"rendered":"Zink Chelat 10mg Kapseln"},"content":{"rendered":"<p>Gall Pharma Zink Chelat 10 mg Kapseln 60 Stk. enthalten 10 mg Zink in Form von Zinkbisglycinat in einer Hartgelatinekapsel. Zink ist ein essentielles Spurenelement, das \u00fcber die Nahrung aufgenommen werden muss. Zink Chelat 10 mg Kapseln tragen zur Erhaltung normaler Knochen und Immunfunktion bei, sind wichtig f\u00fcr den Erhalt von Haut, Haare und N\u00e4gel und unterst\u00fctzen die Zellteilung. Weiters wird dazu beigetragen, die Zellen vor oxidativem Stress zu sch\u00fctzen und den S\u00e4ure-Basen-Stoffwechsels zu regulieren \u2013 jetzt Spitzenprodukte von Gall Pharma mit hohem Rabatt bestellen!<\/p>\n","protected":false},"excerpt":{"rendered":"<p>Gall Pharma Zink Chelat 10 mg Kapseln 60 Stk. enthalten 10 mg Zink in Form von Zinkbisglycinat in einer Hartgelatinekapsel. Zink ist ein essentielles Spurenelement, das \u00fcber die Nahrung aufgenommen werden muss. Zink Chelat 10 mg Kapseln tragen zur Erhaltung normaler Knochen und Immunfunktion bei, sind wichtig f\u00fcr den Erhalt von Haut, Haare und N\u00e4gel [&hellip;]<\/p>\n","protected":false},"featured_media":67436,"template":"","meta":{"_acf_changed":false},"product_brand":[371],"product_cat":[803],"product_tag":[],"class_list":{"0":"post-67434","1":"product","2":"type-product","3":"status-publish","4":"has-post-thumbnail","6":"product_brand-gall-pharma","7":"product_cat-z","8":"pa_packungsgroesse-60-stueck","10":"first","11":"instock","12":"shipping-taxable","13":"purchasable","14":"product-type-simple"},"acf":[],"_links":{"self":[{"href":"https:\/\/www.ernstbrunn-apotheke.at\/katalog\/wp-json\/wp\/v2\/product\/67434","targetHints":{"allow":["GET"]}}],"collection":[{"href":"https:\/\/www.ernstbrunn-apotheke.at\/katalog\/wp-json\/wp\/v2\/product"}],"about":[{"href":"https:\/\/www.ernstbrunn-apotheke.at\/katalog\/wp-json\/wp\/v2\/types\/product"}],"wp:featuredmedia":[{"embeddable":true,"href":"https:\/\/www.ernstbrunn-apotheke.at\/katalog\/wp-json\/wp\/v2\/media\/67436"}],"wp:attachment":[{"href":"https:\/\/www.ernstbrunn-apotheke.at\/katalog\/wp-json\/wp\/v2\/media?parent=67434"}],"wp:term":[{"taxonomy":"product_brand","embeddable":true,"href":"https:\/\/www.ernstbrunn-apotheke.at\/katalog\/wp-json\/wp\/v2\/product_brand?post=67434"},{"taxonomy":"product_cat","embeddable":true,"href":"https:\/\/www.ernstbrunn-apotheke.at\/katalog\/wp-json\/wp\/v2\/product_cat?post=67434"},{"taxonomy":"product_tag","embeddable":true,"href":"https:\/\/www.ernstbrunn-apotheke.at\/katalog\/wp-json\/wp\/v2\/product_tag?post=67434"}],"curies":[{"name":"wp","href":"https:\/\/api.w.org\/{rel}","templated":true}]}}