{"id":66516,"date":"2025-11-11T12:15:26","date_gmt":"2025-11-11T11:15:26","guid":{"rendered":"https:\/\/www.ernstbrunn-apotheke.at\/katalog\/produkt\/speick-bade-und-duschseife-buttermilch-225-g\/"},"modified":"2025-12-08T17:52:56","modified_gmt":"2025-12-08T16:52:56","slug":"speick-bade-und-duschseife-buttermilch-225-g","status":"publish","type":"product","link":"https:\/\/www.ernstbrunn-apotheke.at\/katalog\/produkt\/speick-bade-und-duschseife-buttermilch-225-g\/","title":{"rendered":"Speick Bade- und Duschseife Buttermilch 225 g"},"content":{"rendered":"<p>Die SPEICK Bade- und Duschseife ist durch ihre schonenden Inhaltsstoffe eine besonders milde, hautfreundliche Seife und enth\u00e4lt reines Buttermilchpulver zur Unterst\u00fctzung der Hautpflege auf nat\u00fcrliche Weise.<\/p>\n","protected":false},"excerpt":{"rendered":"<p>Die SPEICK Bade- und Duschseife ist durch ihre schonenden Inhaltsstoffe eine besonders milde, hautfreundliche Seife und enth\u00e4lt reines Buttermilchpulver zur Unterst\u00fctzung der Hautpflege auf nat\u00fcrliche Weise.<\/p>\n","protected":false},"featured_media":0,"template":"","meta":{"_acf_changed":false},"product_brand":[],"product_cat":[791],"product_tag":[],"class_list":{"0":"post-66516","1":"product","2":"type-product","3":"status-publish","5":"product_cat-s","6":"pa_packungsgroesse-225g","8":"first","9":"instock","10":"shipping-taxable","11":"purchasable","12":"product-type-simple"},"acf":[],"_links":{"self":[{"href":"https:\/\/www.ernstbrunn-apotheke.at\/katalog\/wp-json\/wp\/v2\/product\/66516","targetHints":{"allow":["GET"]}}],"collection":[{"href":"https:\/\/www.ernstbrunn-apotheke.at\/katalog\/wp-json\/wp\/v2\/product"}],"about":[{"href":"https:\/\/www.ernstbrunn-apotheke.at\/katalog\/wp-json\/wp\/v2\/types\/product"}],"wp:attachment":[{"href":"https:\/\/www.ernstbrunn-apotheke.at\/katalog\/wp-json\/wp\/v2\/media?parent=66516"}],"wp:term":[{"taxonomy":"product_brand","embeddable":true,"href":"https:\/\/www.ernstbrunn-apotheke.at\/katalog\/wp-json\/wp\/v2\/product_brand?post=66516"},{"taxonomy":"product_cat","embeddable":true,"href":"https:\/\/www.ernstbrunn-apotheke.at\/katalog\/wp-json\/wp\/v2\/product_cat?post=66516"},{"taxonomy":"product_tag","embeddable":true,"href":"https:\/\/www.ernstbrunn-apotheke.at\/katalog\/wp-json\/wp\/v2\/product_tag?post=66516"}],"curies":[{"name":"wp","href":"https:\/\/api.w.org\/{rel}","templated":true}]}}