{"id":66504,"date":"2025-11-11T12:15:26","date_gmt":"2025-11-11T11:15:26","guid":{"rendered":"https:\/\/www.ernstbrunn-apotheke.at\/katalog\/produkt\/melasan-amino-sport-kapseln-76-stk\/"},"modified":"2025-12-08T17:52:53","modified_gmt":"2025-12-08T16:52:53","slug":"melasan-amino-sport-kapseln-76-stk","status":"publish","type":"product","link":"https:\/\/www.ernstbrunn-apotheke.at\/katalog\/produkt\/melasan-amino-sport-kapseln-76-stk\/","title":{"rendered":"Melasan Amino+ Sport Kapseln 76 Stk."},"content":{"rendered":"<p>Melasan Amino+ Sport Kapseln 76 Stk. enthalten alle essentiellen Aminos\u00e4uren und die semi-essentiellen Aminos\u00e4uren Arginin und Ornithin in einem Verh\u00e4ltnis zu einander, das optimale Wirksamkeit und minimale Stickstoffbelastung vereint. Amino Kapseln f\u00f6rdern die Bildung der Muskulatur und Verk\u00fcrzen die Regenerationszeit der Muskeln nach starker Belastung. Besonders empfohlen auch f\u00fcr \u00e4ltere Menschen mit fortschreitendem Abbau der Muskulatur<\/p>\n","protected":false},"excerpt":{"rendered":"<p>Melasan Amino+ Sport Kapseln 76 Stk. enthalten alle essentiellen Aminos\u00e4uren und die semi-essentiellen Aminos\u00e4uren Arginin und Ornithin in einem Verh\u00e4ltnis zu einander, das optimale Wirksamkeit und minimale Stickstoffbelastung vereint. Amino Kapseln f\u00f6rdern die Bildung der Muskulatur und Verk\u00fcrzen die Regenerationszeit der Muskeln nach starker Belastung. Besonders empfohlen auch f\u00fcr \u00e4ltere Menschen mit fortschreitendem Abbau der [&hellip;]<\/p>\n","protected":false},"featured_media":0,"template":"","meta":{"_acf_changed":false},"product_brand":[373],"product_cat":[800],"product_tag":[],"class_list":{"0":"post-66504","1":"product","2":"type-product","3":"status-publish","5":"product_brand-melasan","6":"product_cat-m","7":"pa_packungsgroesse-76-stueck","9":"first","10":"instock","11":"shipping-taxable","12":"purchasable","13":"product-type-simple"},"acf":[],"_links":{"self":[{"href":"https:\/\/www.ernstbrunn-apotheke.at\/katalog\/wp-json\/wp\/v2\/product\/66504","targetHints":{"allow":["GET"]}}],"collection":[{"href":"https:\/\/www.ernstbrunn-apotheke.at\/katalog\/wp-json\/wp\/v2\/product"}],"about":[{"href":"https:\/\/www.ernstbrunn-apotheke.at\/katalog\/wp-json\/wp\/v2\/types\/product"}],"wp:attachment":[{"href":"https:\/\/www.ernstbrunn-apotheke.at\/katalog\/wp-json\/wp\/v2\/media?parent=66504"}],"wp:term":[{"taxonomy":"product_brand","embeddable":true,"href":"https:\/\/www.ernstbrunn-apotheke.at\/katalog\/wp-json\/wp\/v2\/product_brand?post=66504"},{"taxonomy":"product_cat","embeddable":true,"href":"https:\/\/www.ernstbrunn-apotheke.at\/katalog\/wp-json\/wp\/v2\/product_cat?post=66504"},{"taxonomy":"product_tag","embeddable":true,"href":"https:\/\/www.ernstbrunn-apotheke.at\/katalog\/wp-json\/wp\/v2\/product_tag?post=66504"}],"curies":[{"name":"wp","href":"https:\/\/api.w.org\/{rel}","templated":true}]}}