{"id":66363,"date":"2025-11-11T12:12:30","date_gmt":"2025-11-11T11:12:30","guid":{"rendered":"https:\/\/www.ernstbrunn-apotheke.at\/katalog\/produkt\/bioderma-atoderm-duschgel-200-ml\/"},"modified":"2025-12-08T17:52:06","modified_gmt":"2025-12-08T16:52:06","slug":"bioderma-atoderm-duschgel-200-ml","status":"publish","type":"product","link":"https:\/\/www.ernstbrunn-apotheke.at\/katalog\/produkt\/bioderma-atoderm-duschgel-200-ml\/","title":{"rendered":"Bioderma Atoderm Duschgel 200 ml"},"content":{"rendered":"<p>Bioderma Atoderm Duschgel 200 ml ist f\u00fcr empfindliche, trockene Haut. Das cremig sch\u00e4umende Duschgel spendet Feuchtigkeit und unterst\u00fctzt die Barrierefunktion der Haut. Der nat\u00fcrliche Haut-pH-Wert bleibt erhalten. F\u00fcr Gesicht und K\u00f6rper. F\u00fcr S\u00e4uglinge geeignet. Seifenfrei, hypoallergen. Ohne Farbstoffe, ohne Parabene.<\/p>\n","protected":false},"excerpt":{"rendered":"<p>Bioderma Atoderm Duschgel 200 ml ist f\u00fcr empfindliche, trockene Haut. Das cremig sch\u00e4umende Duschgel spendet Feuchtigkeit und unterst\u00fctzt die Barrierefunktion der Haut. Der nat\u00fcrliche Haut-pH-Wert bleibt erhalten. F\u00fcr Gesicht und K\u00f6rper. F\u00fcr S\u00e4uglinge geeignet. Seifenfrei, hypoallergen. Ohne Farbstoffe, ohne Parabene.<\/p>\n","protected":false},"featured_media":66365,"template":"","meta":{"_acf_changed":false},"product_brand":[657],"product_cat":[802],"product_tag":[],"class_list":{"0":"post-66363","1":"product","2":"type-product","3":"status-publish","4":"has-post-thumbnail","6":"product_brand-bioderma","7":"product_cat-b","8":"pa_packungsgroesse-200ml","10":"first","11":"instock","12":"shipping-taxable","13":"purchasable","14":"product-type-simple"},"acf":[],"_links":{"self":[{"href":"https:\/\/www.ernstbrunn-apotheke.at\/katalog\/wp-json\/wp\/v2\/product\/66363","targetHints":{"allow":["GET"]}}],"collection":[{"href":"https:\/\/www.ernstbrunn-apotheke.at\/katalog\/wp-json\/wp\/v2\/product"}],"about":[{"href":"https:\/\/www.ernstbrunn-apotheke.at\/katalog\/wp-json\/wp\/v2\/types\/product"}],"wp:featuredmedia":[{"embeddable":true,"href":"https:\/\/www.ernstbrunn-apotheke.at\/katalog\/wp-json\/wp\/v2\/media\/66365"}],"wp:attachment":[{"href":"https:\/\/www.ernstbrunn-apotheke.at\/katalog\/wp-json\/wp\/v2\/media?parent=66363"}],"wp:term":[{"taxonomy":"product_brand","embeddable":true,"href":"https:\/\/www.ernstbrunn-apotheke.at\/katalog\/wp-json\/wp\/v2\/product_brand?post=66363"},{"taxonomy":"product_cat","embeddable":true,"href":"https:\/\/www.ernstbrunn-apotheke.at\/katalog\/wp-json\/wp\/v2\/product_cat?post=66363"},{"taxonomy":"product_tag","embeddable":true,"href":"https:\/\/www.ernstbrunn-apotheke.at\/katalog\/wp-json\/wp\/v2\/product_tag?post=66363"}],"curies":[{"name":"wp","href":"https:\/\/api.w.org\/{rel}","templated":true}]}}