{"id":66343,"date":"2025-11-11T12:12:30","date_gmt":"2025-11-11T11:12:30","guid":{"rendered":"https:\/\/www.ernstbrunn-apotheke.at\/katalog\/produkt\/bioderma-sebium-h2o-reinigungsloesung-pump-spender-500-ml\/"},"modified":"2025-12-08T17:52:03","modified_gmt":"2025-12-08T16:52:03","slug":"bioderma-sebium-h2o-reinigungsloesung-pump-spender-500-ml","status":"publish","type":"product","link":"https:\/\/www.ernstbrunn-apotheke.at\/katalog\/produkt\/bioderma-sebium-h2o-reinigungsloesung-pump-spender-500-ml\/","title":{"rendered":"Bioderma S\u00e9bium H2O Reinigungsl\u00f6sung + Pump-Spender 500 ml"},"content":{"rendered":"<p>Bioderma S\u00e9bium H2O Reinigungsl\u00f6sung + Pump-Spender 500 ml ist eine kl\u00e4rende 4-in-1 Reinigungsl\u00f6sung (Reinigung + Make-up- + Augen-Make-up-Entferner + Gesichtswasser) bei Mischhaut, \u00f6liger Haut und Akne. Begleitend bei austrocknenden Aknetherapien. Wirkt talgregulierend und lindert Entz\u00fcndungen. Auch bei eingewachsenen Barthaaren oder als After-Shave-Lotion. Ohne Parabene, ohne Alkohol. Frischer Duft.<\/p>\n","protected":false},"excerpt":{"rendered":"<p>Bioderma S\u00e9bium H2O Reinigungsl\u00f6sung + Pump-Spender 500 ml ist eine kl\u00e4rende 4-in-1 Reinigungsl\u00f6sung (Reinigung + Make-up- + Augen-Make-up-Entferner + Gesichtswasser) bei Mischhaut, \u00f6liger Haut und Akne. Begleitend bei austrocknenden Aknetherapien. Wirkt talgregulierend und lindert Entz\u00fcndungen. Auch bei eingewachsenen Barthaaren oder als After-Shave-Lotion. Ohne Parabene, ohne Alkohol. Frischer Duft.<\/p>\n","protected":false},"featured_media":66345,"template":"","meta":{"_acf_changed":false},"product_brand":[657],"product_cat":[802],"product_tag":[],"class_list":{"0":"post-66343","1":"product","2":"type-product","3":"status-publish","4":"has-post-thumbnail","6":"product_brand-bioderma","7":"product_cat-b","8":"pa_packungsgroesse-500ml","10":"first","11":"instock","12":"shipping-taxable","13":"purchasable","14":"product-type-simple"},"acf":[],"_links":{"self":[{"href":"https:\/\/www.ernstbrunn-apotheke.at\/katalog\/wp-json\/wp\/v2\/product\/66343","targetHints":{"allow":["GET"]}}],"collection":[{"href":"https:\/\/www.ernstbrunn-apotheke.at\/katalog\/wp-json\/wp\/v2\/product"}],"about":[{"href":"https:\/\/www.ernstbrunn-apotheke.at\/katalog\/wp-json\/wp\/v2\/types\/product"}],"wp:featuredmedia":[{"embeddable":true,"href":"https:\/\/www.ernstbrunn-apotheke.at\/katalog\/wp-json\/wp\/v2\/media\/66345"}],"wp:attachment":[{"href":"https:\/\/www.ernstbrunn-apotheke.at\/katalog\/wp-json\/wp\/v2\/media?parent=66343"}],"wp:term":[{"taxonomy":"product_brand","embeddable":true,"href":"https:\/\/www.ernstbrunn-apotheke.at\/katalog\/wp-json\/wp\/v2\/product_brand?post=66343"},{"taxonomy":"product_cat","embeddable":true,"href":"https:\/\/www.ernstbrunn-apotheke.at\/katalog\/wp-json\/wp\/v2\/product_cat?post=66343"},{"taxonomy":"product_tag","embeddable":true,"href":"https:\/\/www.ernstbrunn-apotheke.at\/katalog\/wp-json\/wp\/v2\/product_tag?post=66343"}],"curies":[{"name":"wp","href":"https:\/\/api.w.org\/{rel}","templated":true}]}}