{"id":65893,"date":"2025-11-11T12:03:35","date_gmt":"2025-11-11T11:03:35","guid":{"rendered":"https:\/\/www.ernstbrunn-apotheke.at\/katalog\/produkt\/natursalz-unjodiert\/"},"modified":"2025-12-08T17:50:00","modified_gmt":"2025-12-08T16:50:00","slug":"natursalz-unjodiert","status":"publish","type":"product","link":"https:\/\/www.ernstbrunn-apotheke.at\/katalog\/produkt\/natursalz-unjodiert\/","title":{"rendered":"nat(UR)salz unjodiert"},"content":{"rendered":"<p>Roswitha B\u00f6hm Natursalz W\u00fcrze Nachf\u00fcllung ist eine Nachf\u00fcllpackung mit Salz, welches sich hervorragend zum Salzen und auch W\u00fcrzen eignet.<\/p>\n","protected":false},"excerpt":{"rendered":"<p>Roswitha B\u00f6hm Natursalz W\u00fcrze Nachf\u00fcllung ist eine Nachf\u00fcllpackung mit Salz, welches sich hervorragend zum Salzen und auch W\u00fcrzen eignet.<\/p>\n","protected":false},"featured_media":65895,"template":"","meta":{"_acf_changed":false},"product_brand":[1220],"product_cat":[797],"product_tag":[],"class_list":{"0":"post-65893","1":"product","2":"type-product","3":"status-publish","4":"has-post-thumbnail","6":"product_brand-boehm-roswitha","7":"product_cat-n","8":"pa_packungsgroesse-500g","10":"first","11":"instock","12":"shipping-taxable","13":"purchasable","14":"product-type-simple"},"acf":[],"_links":{"self":[{"href":"https:\/\/www.ernstbrunn-apotheke.at\/katalog\/wp-json\/wp\/v2\/product\/65893","targetHints":{"allow":["GET"]}}],"collection":[{"href":"https:\/\/www.ernstbrunn-apotheke.at\/katalog\/wp-json\/wp\/v2\/product"}],"about":[{"href":"https:\/\/www.ernstbrunn-apotheke.at\/katalog\/wp-json\/wp\/v2\/types\/product"}],"wp:featuredmedia":[{"embeddable":true,"href":"https:\/\/www.ernstbrunn-apotheke.at\/katalog\/wp-json\/wp\/v2\/media\/65895"}],"wp:attachment":[{"href":"https:\/\/www.ernstbrunn-apotheke.at\/katalog\/wp-json\/wp\/v2\/media?parent=65893"}],"wp:term":[{"taxonomy":"product_brand","embeddable":true,"href":"https:\/\/www.ernstbrunn-apotheke.at\/katalog\/wp-json\/wp\/v2\/product_brand?post=65893"},{"taxonomy":"product_cat","embeddable":true,"href":"https:\/\/www.ernstbrunn-apotheke.at\/katalog\/wp-json\/wp\/v2\/product_cat?post=65893"},{"taxonomy":"product_tag","embeddable":true,"href":"https:\/\/www.ernstbrunn-apotheke.at\/katalog\/wp-json\/wp\/v2\/product_tag?post=65893"}],"curies":[{"name":"wp","href":"https:\/\/api.w.org\/{rel}","templated":true}]}}