{"id":65816,"date":"2025-11-11T12:01:54","date_gmt":"2025-11-11T11:01:54","guid":{"rendered":"https:\/\/www.ernstbrunn-apotheke.at\/katalog\/produkt\/rabenhorst-granatapfelsaft-750-ml\/"},"modified":"2025-12-08T17:49:37","modified_gmt":"2025-12-08T16:49:37","slug":"rabenhorst-granatapfelsaft-750-ml","status":"publish","type":"product","link":"https:\/\/www.ernstbrunn-apotheke.at\/katalog\/produkt\/rabenhorst-granatapfelsaft-750-ml\/","title":{"rendered":"Rabenhorst Granatapfelsaft 750 ml"},"content":{"rendered":"<p>Rabenhorst Granatapfelsaft 750 ml aus sorgf\u00e4ltig ausgew\u00e4hlten, sonnengereiften Granat\u00e4pfeln aus den besten Anbaugebieten. Die Granat\u00e4pfel werden im Herkunftsland erntefrisch zu einem hochwertigen Saft gepresst und bei Rabenhorst weiterverarbeitet. Durch die schonende Verarbeitung entsteht ein hochwertiger, purer Saft mit der ganzen F\u00fclle seiner nat\u00fcrlichen Inhaltsstoffe.<\/p>\n","protected":false},"excerpt":{"rendered":"<p>Rabenhorst Granatapfelsaft 750 ml aus sorgf\u00e4ltig ausgew\u00e4hlten, sonnengereiften Granat\u00e4pfeln aus den besten Anbaugebieten. Die Granat\u00e4pfel werden im Herkunftsland erntefrisch zu einem hochwertigen Saft gepresst und bei Rabenhorst weiterverarbeitet. Durch die schonende Verarbeitung entsteht ein hochwertiger, purer Saft mit der ganzen F\u00fclle seiner nat\u00fcrlichen Inhaltsstoffe.<\/p>\n","protected":false},"featured_media":65818,"template":"","meta":{"_acf_changed":false},"product_brand":[],"product_cat":[808],"product_tag":[],"class_list":{"0":"post-65816","1":"product","2":"type-product","3":"status-publish","4":"has-post-thumbnail","6":"product_cat-r","7":"pa_packungsgroesse-750ml","9":"first","10":"instock","11":"shipping-taxable","12":"purchasable","13":"product-type-simple"},"acf":[],"_links":{"self":[{"href":"https:\/\/www.ernstbrunn-apotheke.at\/katalog\/wp-json\/wp\/v2\/product\/65816","targetHints":{"allow":["GET"]}}],"collection":[{"href":"https:\/\/www.ernstbrunn-apotheke.at\/katalog\/wp-json\/wp\/v2\/product"}],"about":[{"href":"https:\/\/www.ernstbrunn-apotheke.at\/katalog\/wp-json\/wp\/v2\/types\/product"}],"wp:featuredmedia":[{"embeddable":true,"href":"https:\/\/www.ernstbrunn-apotheke.at\/katalog\/wp-json\/wp\/v2\/media\/65818"}],"wp:attachment":[{"href":"https:\/\/www.ernstbrunn-apotheke.at\/katalog\/wp-json\/wp\/v2\/media?parent=65816"}],"wp:term":[{"taxonomy":"product_brand","embeddable":true,"href":"https:\/\/www.ernstbrunn-apotheke.at\/katalog\/wp-json\/wp\/v2\/product_brand?post=65816"},{"taxonomy":"product_cat","embeddable":true,"href":"https:\/\/www.ernstbrunn-apotheke.at\/katalog\/wp-json\/wp\/v2\/product_cat?post=65816"},{"taxonomy":"product_tag","embeddable":true,"href":"https:\/\/www.ernstbrunn-apotheke.at\/katalog\/wp-json\/wp\/v2\/product_tag?post=65816"}],"curies":[{"name":"wp","href":"https:\/\/api.w.org\/{rel}","templated":true}]}}