{"id":64950,"date":"2025-11-11T11:45:56","date_gmt":"2025-11-11T10:45:56","guid":{"rendered":"https:\/\/www.ernstbrunn-apotheke.at\/katalog\/produkt\/allergosan-fruchtsaft-2-b-to-be-250-ml-relaxed\/"},"modified":"2025-12-08T17:44:32","modified_gmt":"2025-12-08T16:44:32","slug":"allergosan-fruchtsaft-2-b-to-be-250-ml-relaxed","status":"publish","type":"product","link":"https:\/\/www.ernstbrunn-apotheke.at\/katalog\/produkt\/allergosan-fruchtsaft-2-b-to-be-250-ml-relaxed\/","title":{"rendered":"Allergosan Fruchtsaft 2 B (to be) 250 ml Relaxed"},"content":{"rendered":"<p>Allergosan Fruchtsaft 2 B (to be) ist ein Mix aus frischen Fr\u00fcchten mit einem hohem Fruchtanteil, nat\u00fcrlichen Wirk- und Vitalstoffen und liefert einen wichtigen Beitrag zum t\u00e4glichen Wohlbefinden.<\/p>\n","protected":false},"excerpt":{"rendered":"<p>Allergosan Fruchtsaft 2 B (to be) ist ein Mix aus frischen Fr\u00fcchten mit einem hohem Fruchtanteil, nat\u00fcrlichen Wirk- und Vitalstoffen und liefert einen wichtigen Beitrag zum t\u00e4glichen Wohlbefinden.<\/p>\n","protected":false},"featured_media":64952,"template":"","meta":{"_acf_changed":false},"product_brand":[],"product_cat":[801],"product_tag":[],"class_list":{"0":"post-64950","1":"product","2":"type-product","3":"status-publish","4":"has-post-thumbnail","6":"product_cat-a","7":"pa_packungsgroesse-250ml","9":"first","10":"instock","11":"shipping-taxable","12":"purchasable","13":"product-type-simple"},"acf":[],"_links":{"self":[{"href":"https:\/\/www.ernstbrunn-apotheke.at\/katalog\/wp-json\/wp\/v2\/product\/64950","targetHints":{"allow":["GET"]}}],"collection":[{"href":"https:\/\/www.ernstbrunn-apotheke.at\/katalog\/wp-json\/wp\/v2\/product"}],"about":[{"href":"https:\/\/www.ernstbrunn-apotheke.at\/katalog\/wp-json\/wp\/v2\/types\/product"}],"wp:featuredmedia":[{"embeddable":true,"href":"https:\/\/www.ernstbrunn-apotheke.at\/katalog\/wp-json\/wp\/v2\/media\/64952"}],"wp:attachment":[{"href":"https:\/\/www.ernstbrunn-apotheke.at\/katalog\/wp-json\/wp\/v2\/media?parent=64950"}],"wp:term":[{"taxonomy":"product_brand","embeddable":true,"href":"https:\/\/www.ernstbrunn-apotheke.at\/katalog\/wp-json\/wp\/v2\/product_brand?post=64950"},{"taxonomy":"product_cat","embeddable":true,"href":"https:\/\/www.ernstbrunn-apotheke.at\/katalog\/wp-json\/wp\/v2\/product_cat?post=64950"},{"taxonomy":"product_tag","embeddable":true,"href":"https:\/\/www.ernstbrunn-apotheke.at\/katalog\/wp-json\/wp\/v2\/product_tag?post=64950"}],"curies":[{"name":"wp","href":"https:\/\/api.w.org\/{rel}","templated":true}]}}