{"id":64932,"date":"2025-11-11T11:44:56","date_gmt":"2025-11-11T10:44:56","guid":{"rendered":"https:\/\/www.ernstbrunn-apotheke.at\/katalog\/produkt\/alva-jojoba-oel-125-ml\/"},"modified":"2025-12-08T17:44:26","modified_gmt":"2025-12-08T16:44:26","slug":"alva-jojoba-oel-125-ml","status":"publish","type":"product","link":"https:\/\/www.ernstbrunn-apotheke.at\/katalog\/produkt\/alva-jojoba-oel-125-ml\/","title":{"rendered":"Alva Jojoba \u00d6l 125 ml"},"content":{"rendered":"<p>Alva Jojoba \u00d6l ist eines der wichtigsten Pflege\u00f6le \u00fcberhaupt: f\u00fcr Massagen, als Badezusatz, als Hautpflege oder zur Herstellung von individuellen Kosmetika und Pflegeartikel. Egal wof\u00fcr Sie es verwenden, es wird Ihre Haut immer optimal pflegen.<\/p>\n","protected":false},"excerpt":{"rendered":"<p>Alva Jojoba \u00d6l ist eines der wichtigsten Pflege\u00f6le \u00fcberhaupt: f\u00fcr Massagen, als Badezusatz, als Hautpflege oder zur Herstellung von individuellen Kosmetika und Pflegeartikel. Egal wof\u00fcr Sie es verwenden, es wird Ihre Haut immer optimal pflegen.<\/p>\n","protected":false},"featured_media":64934,"template":"","meta":{"_acf_changed":false},"product_brand":[],"product_cat":[801],"product_tag":[],"class_list":{"0":"post-64932","1":"product","2":"type-product","3":"status-publish","4":"has-post-thumbnail","6":"product_cat-a","7":"pa_packungsgroesse-125ml","9":"first","10":"instock","11":"shipping-taxable","12":"purchasable","13":"product-type-simple"},"acf":[],"_links":{"self":[{"href":"https:\/\/www.ernstbrunn-apotheke.at\/katalog\/wp-json\/wp\/v2\/product\/64932","targetHints":{"allow":["GET"]}}],"collection":[{"href":"https:\/\/www.ernstbrunn-apotheke.at\/katalog\/wp-json\/wp\/v2\/product"}],"about":[{"href":"https:\/\/www.ernstbrunn-apotheke.at\/katalog\/wp-json\/wp\/v2\/types\/product"}],"wp:featuredmedia":[{"embeddable":true,"href":"https:\/\/www.ernstbrunn-apotheke.at\/katalog\/wp-json\/wp\/v2\/media\/64934"}],"wp:attachment":[{"href":"https:\/\/www.ernstbrunn-apotheke.at\/katalog\/wp-json\/wp\/v2\/media?parent=64932"}],"wp:term":[{"taxonomy":"product_brand","embeddable":true,"href":"https:\/\/www.ernstbrunn-apotheke.at\/katalog\/wp-json\/wp\/v2\/product_brand?post=64932"},{"taxonomy":"product_cat","embeddable":true,"href":"https:\/\/www.ernstbrunn-apotheke.at\/katalog\/wp-json\/wp\/v2\/product_cat?post=64932"},{"taxonomy":"product_tag","embeddable":true,"href":"https:\/\/www.ernstbrunn-apotheke.at\/katalog\/wp-json\/wp\/v2\/product_tag?post=64932"}],"curies":[{"name":"wp","href":"https:\/\/api.w.org\/{rel}","templated":true}]}}