{"id":64081,"date":"2025-11-11T11:29:31","date_gmt":"2025-11-11T10:29:31","guid":{"rendered":"https:\/\/www.ernstbrunn-apotheke.at\/katalog\/produkt\/the-nutri-store-l-arginin-pulver-250-g\/"},"modified":"2025-12-08T17:40:06","modified_gmt":"2025-12-08T16:40:06","slug":"the-nutri-store-l-arginin-pulver-250-g","status":"publish","type":"product","link":"https:\/\/www.ernstbrunn-apotheke.at\/katalog\/produkt\/the-nutri-store-l-arginin-pulver-250-g\/","title":{"rendered":"The Nutri Store L-Arginin Pulver 250 g"},"content":{"rendered":"<p>The Nutri Store L-Arginin Pulver enth\u00e4lt 500 mg reines L-Arginin. Verzehrsempfehlung: Verzehren Sie 2 mal t\u00e4glich 2 bis 3 Kapseln mit ausreichend Fl\u00fcssigkeit zu den Mahlzeiten. Die Anwendung sollte \u00fcber einen l\u00e4ngeren Zeitraum erfolgen.Die empfohlene Verzehrsmenge darf nicht \u00fcberschritten werden.<\/p>\n","protected":false},"excerpt":{"rendered":"<p>The Nutri Store L-Arginin Pulver enth\u00e4lt 500 mg reines L-Arginin. Verzehrsempfehlung: Verzehren Sie 2 mal t\u00e4glich 2 bis 3 Kapseln mit ausreichend Fl\u00fcssigkeit zu den Mahlzeiten. Die Anwendung sollte \u00fcber einen l\u00e4ngeren Zeitraum erfolgen.Die empfohlene Verzehrsmenge darf nicht \u00fcberschritten werden.<\/p>\n","protected":false},"featured_media":64083,"template":"","meta":{"_acf_changed":false},"product_brand":[],"product_cat":[798],"product_tag":[],"class_list":{"0":"post-64081","1":"product","2":"type-product","3":"status-publish","4":"has-post-thumbnail","6":"product_cat-t","7":"pa_packungsgroesse-250g","9":"first","10":"instock","11":"shipping-taxable","12":"purchasable","13":"product-type-simple"},"acf":[],"_links":{"self":[{"href":"https:\/\/www.ernstbrunn-apotheke.at\/katalog\/wp-json\/wp\/v2\/product\/64081","targetHints":{"allow":["GET"]}}],"collection":[{"href":"https:\/\/www.ernstbrunn-apotheke.at\/katalog\/wp-json\/wp\/v2\/product"}],"about":[{"href":"https:\/\/www.ernstbrunn-apotheke.at\/katalog\/wp-json\/wp\/v2\/types\/product"}],"wp:featuredmedia":[{"embeddable":true,"href":"https:\/\/www.ernstbrunn-apotheke.at\/katalog\/wp-json\/wp\/v2\/media\/64083"}],"wp:attachment":[{"href":"https:\/\/www.ernstbrunn-apotheke.at\/katalog\/wp-json\/wp\/v2\/media?parent=64081"}],"wp:term":[{"taxonomy":"product_brand","embeddable":true,"href":"https:\/\/www.ernstbrunn-apotheke.at\/katalog\/wp-json\/wp\/v2\/product_brand?post=64081"},{"taxonomy":"product_cat","embeddable":true,"href":"https:\/\/www.ernstbrunn-apotheke.at\/katalog\/wp-json\/wp\/v2\/product_cat?post=64081"},{"taxonomy":"product_tag","embeddable":true,"href":"https:\/\/www.ernstbrunn-apotheke.at\/katalog\/wp-json\/wp\/v2\/product_tag?post=64081"}],"curies":[{"name":"wp","href":"https:\/\/api.w.org\/{rel}","templated":true}]}}