{"id":63791,"date":"2025-11-11T11:24:06","date_gmt":"2025-11-11T10:24:06","guid":{"rendered":"https:\/\/www.ernstbrunn-apotheke.at\/katalog\/produkt\/weleda-calendula-entspannungsbad-200-ml\/"},"modified":"2025-12-08T17:38:38","modified_gmt":"2025-12-08T16:38:38","slug":"weleda-calendula-entspannungsbad-200-ml","status":"publish","type":"product","link":"https:\/\/www.ernstbrunn-apotheke.at\/katalog\/produkt\/weleda-calendula-entspannungsbad-200-ml\/","title":{"rendered":"Weleda Calendula Entspannungsbad 200 ml"},"content":{"rendered":"<p>Weleda Calendula Entspannungsbad mit Heilpflanzenausz\u00fcgen pflegt, beruhigt und unterst\u00fctzt. Das sanft durchw\u00e4rmende Bad wirkt ausgleichend und f\u00f6rdert auch bei \u00fcberreizten Babys und Kindern einen ruhigen Schlaf. Ausgew\u00e4hlte Heilpflanzenausz\u00fcge unterst\u00fctzen die nat\u00fcrlichen Funktionen der Haut und geben dem kindlichen Organismus aufbauende und st\u00e4rkende Impulse \u2013 Weleda immer preiswerter!<\/p>\n","protected":false},"excerpt":{"rendered":"<p>Weleda Calendula Entspannungsbad mit Heilpflanzenausz\u00fcgen pflegt, beruhigt und unterst\u00fctzt. Das sanft durchw\u00e4rmende Bad wirkt ausgleichend und f\u00f6rdert auch bei \u00fcberreizten Babys und Kindern einen ruhigen Schlaf. Ausgew\u00e4hlte Heilpflanzenausz\u00fcge unterst\u00fctzen die nat\u00fcrlichen Funktionen der Haut und geben dem kindlichen Organismus aufbauende und st\u00e4rkende Impulse \u2013 Weleda immer preiswerter!<\/p>\n","protected":false},"featured_media":63793,"template":"","meta":{"_acf_changed":false},"product_brand":[567],"product_cat":[796],"product_tag":[],"class_list":{"0":"post-63791","1":"product","2":"type-product","3":"status-publish","4":"has-post-thumbnail","6":"product_brand-weleda","7":"product_cat-w","8":"pa_packungsgroesse-200ml","10":"first","11":"instock","12":"shipping-taxable","13":"purchasable","14":"product-type-simple"},"acf":[],"_links":{"self":[{"href":"https:\/\/www.ernstbrunn-apotheke.at\/katalog\/wp-json\/wp\/v2\/product\/63791","targetHints":{"allow":["GET"]}}],"collection":[{"href":"https:\/\/www.ernstbrunn-apotheke.at\/katalog\/wp-json\/wp\/v2\/product"}],"about":[{"href":"https:\/\/www.ernstbrunn-apotheke.at\/katalog\/wp-json\/wp\/v2\/types\/product"}],"wp:featuredmedia":[{"embeddable":true,"href":"https:\/\/www.ernstbrunn-apotheke.at\/katalog\/wp-json\/wp\/v2\/media\/63793"}],"wp:attachment":[{"href":"https:\/\/www.ernstbrunn-apotheke.at\/katalog\/wp-json\/wp\/v2\/media?parent=63791"}],"wp:term":[{"taxonomy":"product_brand","embeddable":true,"href":"https:\/\/www.ernstbrunn-apotheke.at\/katalog\/wp-json\/wp\/v2\/product_brand?post=63791"},{"taxonomy":"product_cat","embeddable":true,"href":"https:\/\/www.ernstbrunn-apotheke.at\/katalog\/wp-json\/wp\/v2\/product_cat?post=63791"},{"taxonomy":"product_tag","embeddable":true,"href":"https:\/\/www.ernstbrunn-apotheke.at\/katalog\/wp-json\/wp\/v2\/product_tag?post=63791"}],"curies":[{"name":"wp","href":"https:\/\/api.w.org\/{rel}","templated":true}]}}