{"id":63099,"date":"2025-11-11T11:10:38","date_gmt":"2025-11-11T10:10:38","guid":{"rendered":"https:\/\/www.ernstbrunn-apotheke.at\/katalog\/produkt\/vitamin-k2-100mcg-kapseln-junek-30-stk\/"},"modified":"2025-12-08T17:34:31","modified_gmt":"2025-12-08T16:34:31","slug":"vitamin-k2-100mcg-kapseln-junek-30-stk","status":"publish","type":"product","link":"https:\/\/www.ernstbrunn-apotheke.at\/katalog\/produkt\/vitamin-k2-100mcg-kapseln-junek-30-stk\/","title":{"rendered":"Vitamin K2 100mcg Kapseln Junek 30 Stk."},"content":{"rendered":"<p>Unter dem Motto \u2013 f\u00fcr Gesundheit, Sch\u00f6nheit, Wohlbefinden\u2013 ist die Drogerie Junek bemht, das Beste f\u00fcr ihre Kunden und deren Bedrfnisse zu bieten.Neben Teespezialit\u00e4ten, Geschenks- und Drogerieartikeln finden Sie auch dekorative Kosmetik, sowie K\u00f6rperpflegeprodukte.<\/p>\n","protected":false},"excerpt":{"rendered":"<p>Unter dem Motto \u2013 f\u00fcr Gesundheit, Sch\u00f6nheit, Wohlbefinden\u2013 ist die Drogerie Junek bemht, das Beste f\u00fcr ihre Kunden und deren Bedrfnisse zu bieten.Neben Teespezialit\u00e4ten, Geschenks- und Drogerieartikeln finden Sie auch dekorative Kosmetik, sowie K\u00f6rperpflegeprodukte.<\/p>\n","protected":false},"featured_media":0,"template":"","meta":{"_acf_changed":false},"product_brand":[],"product_cat":[799],"product_tag":[],"class_list":{"0":"post-63099","1":"product","2":"type-product","3":"status-publish","5":"product_cat-v","6":"pa_packungsgroesse-30-stueck","8":"first","9":"instock","10":"shipping-taxable","11":"purchasable","12":"product-type-simple"},"acf":[],"_links":{"self":[{"href":"https:\/\/www.ernstbrunn-apotheke.at\/katalog\/wp-json\/wp\/v2\/product\/63099","targetHints":{"allow":["GET"]}}],"collection":[{"href":"https:\/\/www.ernstbrunn-apotheke.at\/katalog\/wp-json\/wp\/v2\/product"}],"about":[{"href":"https:\/\/www.ernstbrunn-apotheke.at\/katalog\/wp-json\/wp\/v2\/types\/product"}],"wp:attachment":[{"href":"https:\/\/www.ernstbrunn-apotheke.at\/katalog\/wp-json\/wp\/v2\/media?parent=63099"}],"wp:term":[{"taxonomy":"product_brand","embeddable":true,"href":"https:\/\/www.ernstbrunn-apotheke.at\/katalog\/wp-json\/wp\/v2\/product_brand?post=63099"},{"taxonomy":"product_cat","embeddable":true,"href":"https:\/\/www.ernstbrunn-apotheke.at\/katalog\/wp-json\/wp\/v2\/product_cat?post=63099"},{"taxonomy":"product_tag","embeddable":true,"href":"https:\/\/www.ernstbrunn-apotheke.at\/katalog\/wp-json\/wp\/v2\/product_tag?post=63099"}],"curies":[{"name":"wp","href":"https:\/\/api.w.org\/{rel}","templated":true}]}}