{"id":62861,"date":"2025-11-11T10:59:43","date_gmt":"2025-11-11T09:59:43","guid":{"rendered":"https:\/\/www.ernstbrunn-apotheke.at\/katalog\/produkt\/ginkgo-240-mg-extrakt-kapseln-60-stk\/"},"modified":"2025-12-08T17:33:15","modified_gmt":"2025-12-08T16:33:15","slug":"ginkgo-240-mg-extrakt-kapseln-60-stk","status":"publish","type":"product","link":"https:\/\/www.ernstbrunn-apotheke.at\/katalog\/produkt\/ginkgo-240-mg-extrakt-kapseln-60-stk\/","title":{"rendered":"Ginkgo 240 mg Extrakt Kapseln 60 Stk."},"content":{"rendered":"<p>Ginkgo 240 mg Extrakt Kapseln 1 x 1 eignen sich zur Pr\u00e4vention des altersbedingten Verlustes geistiger Leistungsf\u00e4higkeit. Bei vorbestehenden leichten Formen dementieller Symptomatik ist eine Verbesserung der Auswirkungen m\u00f6glich.<\/p>\n","protected":false},"excerpt":{"rendered":"<p>Ginkgo 240 mg Extrakt Kapseln 1 x 1 eignen sich zur Pr\u00e4vention des altersbedingten Verlustes geistiger Leistungsf\u00e4higkeit. Bei vorbestehenden leichten Formen dementieller Symptomatik ist eine Verbesserung der Auswirkungen m\u00f6glich.<\/p>\n","protected":false},"featured_media":62863,"template":"","meta":{"_acf_changed":false},"product_brand":[],"product_cat":[810],"product_tag":[],"class_list":{"0":"post-62861","1":"product","2":"type-product","3":"status-publish","4":"has-post-thumbnail","6":"product_cat-g","7":"pa_packungsgroesse-60-stueck","9":"first","10":"instock","11":"shipping-taxable","12":"purchasable","13":"product-type-simple"},"acf":[],"_links":{"self":[{"href":"https:\/\/www.ernstbrunn-apotheke.at\/katalog\/wp-json\/wp\/v2\/product\/62861","targetHints":{"allow":["GET"]}}],"collection":[{"href":"https:\/\/www.ernstbrunn-apotheke.at\/katalog\/wp-json\/wp\/v2\/product"}],"about":[{"href":"https:\/\/www.ernstbrunn-apotheke.at\/katalog\/wp-json\/wp\/v2\/types\/product"}],"wp:featuredmedia":[{"embeddable":true,"href":"https:\/\/www.ernstbrunn-apotheke.at\/katalog\/wp-json\/wp\/v2\/media\/62863"}],"wp:attachment":[{"href":"https:\/\/www.ernstbrunn-apotheke.at\/katalog\/wp-json\/wp\/v2\/media?parent=62861"}],"wp:term":[{"taxonomy":"product_brand","embeddable":true,"href":"https:\/\/www.ernstbrunn-apotheke.at\/katalog\/wp-json\/wp\/v2\/product_brand?post=62861"},{"taxonomy":"product_cat","embeddable":true,"href":"https:\/\/www.ernstbrunn-apotheke.at\/katalog\/wp-json\/wp\/v2\/product_cat?post=62861"},{"taxonomy":"product_tag","embeddable":true,"href":"https:\/\/www.ernstbrunn-apotheke.at\/katalog\/wp-json\/wp\/v2\/product_tag?post=62861"}],"curies":[{"name":"wp","href":"https:\/\/api.w.org\/{rel}","templated":true}]}}