{"id":62783,"date":"2025-11-11T10:57:52","date_gmt":"2025-11-11T09:57:52","guid":{"rendered":"https:\/\/www.ernstbrunn-apotheke.at\/katalog\/produkt\/heliocare-360-ak-fluid-spf-100-50-ml\/"},"modified":"2025-12-08T17:32:59","modified_gmt":"2025-12-08T16:32:59","slug":"heliocare-360-ak-fluid-spf-100-50-ml","status":"publish","type":"product","link":"https:\/\/www.ernstbrunn-apotheke.at\/katalog\/produkt\/heliocare-360-ak-fluid-spf-100-50-ml\/","title":{"rendered":"Heliocare 360\u00b0 AK Fluid SPF 100+ 50 ml"},"content":{"rendered":"<p>Heliocare 360\u00b0 AK Fluid SPF 100+ ist ein Photoimmunschutz zur unterst\u00fctzenden sowie pr\u00e4ventiven Behandlung von aktinischen Keratosen, der h\u00e4ufigsten Krebsvorstufe. Im Gegensatz zu normalen Sonnenschutzprodukten beinhaltet er Antioxidantien, 3-fach DNA-Schutz durch den enthaltenen GenoRepair-Complex und Sulforaphan f\u00fcr eine gesteigerte Tumorabwehr. Der Fluid l\u00e4sst sich leicht auftragen, zieht schnell ein und klebt nicht.<\/p>\n","protected":false},"excerpt":{"rendered":"<p>Heliocare 360\u00b0 AK Fluid SPF 100+ ist ein Photoimmunschutz zur unterst\u00fctzenden sowie pr\u00e4ventiven Behandlung von aktinischen Keratosen, der h\u00e4ufigsten Krebsvorstufe. Im Gegensatz zu normalen Sonnenschutzprodukten beinhaltet er Antioxidantien, 3-fach DNA-Schutz durch den enthaltenen GenoRepair-Complex und Sulforaphan f\u00fcr eine gesteigerte Tumorabwehr. Der Fluid l\u00e4sst sich leicht auftragen, zieht schnell ein und klebt nicht.<\/p>\n","protected":false},"featured_media":62785,"template":"","meta":{"_acf_changed":false},"product_brand":[1026],"product_cat":[805],"product_tag":[],"class_list":{"0":"post-62783","1":"product","2":"type-product","3":"status-publish","4":"has-post-thumbnail","6":"product_brand-heliocare","7":"product_cat-h","8":"pa_packungsgroesse-50ml","10":"first","11":"instock","12":"shipping-taxable","13":"purchasable","14":"product-type-simple"},"acf":[],"_links":{"self":[{"href":"https:\/\/www.ernstbrunn-apotheke.at\/katalog\/wp-json\/wp\/v2\/product\/62783","targetHints":{"allow":["GET"]}}],"collection":[{"href":"https:\/\/www.ernstbrunn-apotheke.at\/katalog\/wp-json\/wp\/v2\/product"}],"about":[{"href":"https:\/\/www.ernstbrunn-apotheke.at\/katalog\/wp-json\/wp\/v2\/types\/product"}],"wp:featuredmedia":[{"embeddable":true,"href":"https:\/\/www.ernstbrunn-apotheke.at\/katalog\/wp-json\/wp\/v2\/media\/62785"}],"wp:attachment":[{"href":"https:\/\/www.ernstbrunn-apotheke.at\/katalog\/wp-json\/wp\/v2\/media?parent=62783"}],"wp:term":[{"taxonomy":"product_brand","embeddable":true,"href":"https:\/\/www.ernstbrunn-apotheke.at\/katalog\/wp-json\/wp\/v2\/product_brand?post=62783"},{"taxonomy":"product_cat","embeddable":true,"href":"https:\/\/www.ernstbrunn-apotheke.at\/katalog\/wp-json\/wp\/v2\/product_cat?post=62783"},{"taxonomy":"product_tag","embeddable":true,"href":"https:\/\/www.ernstbrunn-apotheke.at\/katalog\/wp-json\/wp\/v2\/product_tag?post=62783"}],"curies":[{"name":"wp","href":"https:\/\/api.w.org\/{rel}","templated":true}]}}