{"id":62629,"date":"2025-11-11T10:54:35","date_gmt":"2025-11-11T09:54:35","guid":{"rendered":"https:\/\/www.ernstbrunn-apotheke.at\/katalog\/produkt\/gum-access-floss-zahnseide-1-stk\/"},"modified":"2025-12-08T17:32:09","modified_gmt":"2025-12-08T16:32:09","slug":"gum-access-floss-zahnseide-1-stk","status":"publish","type":"product","link":"https:\/\/www.ernstbrunn-apotheke.at\/katalog\/produkt\/gum-access-floss-zahnseide-1-stk\/","title":{"rendered":"GUM Access Floss Zahnseide 1 Stk."},"content":{"rendered":"<p>GUM\u00ae Access Floss Zahnseide ist ideal zur schonenden und gr\u00fcndlichen Reinigungvon Implantaten, Br\u00fccken, Kronen und weiten Interdentalr\u00e4umen.Flauschfaden f\u00fcr eine gr\u00fcndliche Plaqueentfernung,auch unter dem Zahnfleischrand.Einf\u00e4delhilfe auf beiden Seiten \u2013 optimale Festigkeit,um sicher und einfach einf\u00fchren zu k\u00f6nnen.<\/p>\n","protected":false},"excerpt":{"rendered":"<p>GUM\u00ae Access Floss Zahnseide ist ideal zur schonenden und gr\u00fcndlichen Reinigungvon Implantaten, Br\u00fccken, Kronen und weiten Interdentalr\u00e4umen.Flauschfaden f\u00fcr eine gr\u00fcndliche Plaqueentfernung,auch unter dem Zahnfleischrand.Einf\u00e4delhilfe auf beiden Seiten \u2013 optimale Festigkeit,um sicher und einfach einf\u00fchren zu k\u00f6nnen.<\/p>\n","protected":false},"featured_media":62631,"template":"","meta":{"_acf_changed":false},"product_brand":[894],"product_cat":[810],"product_tag":[],"class_list":{"0":"post-62629","1":"product","2":"type-product","3":"status-publish","4":"has-post-thumbnail","6":"product_brand-g-u-m","7":"product_cat-g","8":"pa_packungsgroesse-500","10":"first","11":"instock","12":"shipping-taxable","13":"purchasable","14":"product-type-simple"},"acf":[],"_links":{"self":[{"href":"https:\/\/www.ernstbrunn-apotheke.at\/katalog\/wp-json\/wp\/v2\/product\/62629","targetHints":{"allow":["GET"]}}],"collection":[{"href":"https:\/\/www.ernstbrunn-apotheke.at\/katalog\/wp-json\/wp\/v2\/product"}],"about":[{"href":"https:\/\/www.ernstbrunn-apotheke.at\/katalog\/wp-json\/wp\/v2\/types\/product"}],"wp:featuredmedia":[{"embeddable":true,"href":"https:\/\/www.ernstbrunn-apotheke.at\/katalog\/wp-json\/wp\/v2\/media\/62631"}],"wp:attachment":[{"href":"https:\/\/www.ernstbrunn-apotheke.at\/katalog\/wp-json\/wp\/v2\/media?parent=62629"}],"wp:term":[{"taxonomy":"product_brand","embeddable":true,"href":"https:\/\/www.ernstbrunn-apotheke.at\/katalog\/wp-json\/wp\/v2\/product_brand?post=62629"},{"taxonomy":"product_cat","embeddable":true,"href":"https:\/\/www.ernstbrunn-apotheke.at\/katalog\/wp-json\/wp\/v2\/product_cat?post=62629"},{"taxonomy":"product_tag","embeddable":true,"href":"https:\/\/www.ernstbrunn-apotheke.at\/katalog\/wp-json\/wp\/v2\/product_tag?post=62629"}],"curies":[{"name":"wp","href":"https:\/\/api.w.org\/{rel}","templated":true}]}}