{"id":62529,"date":"2025-11-11T10:52:30","date_gmt":"2025-11-11T09:52:30","guid":{"rendered":"https:\/\/www.ernstbrunn-apotheke.at\/katalog\/produkt\/flohsamenschalen-darmpflege-bio-200-g\/"},"modified":"2025-12-08T17:31:34","modified_gmt":"2025-12-08T16:31:34","slug":"flohsamenschalen-darmpflege-bio-200-g","status":"publish","type":"product","link":"https:\/\/www.ernstbrunn-apotheke.at\/katalog\/produkt\/flohsamenschalen-darmpflege-bio-200-g\/","title":{"rendered":"Flohsamenschalen Darmpflege Bio 200 g"},"content":{"rendered":"<p>Der UrkornHof, ein Bauernhof gelegen mitten im naturbelassenen Almtal, Salzkammergut in \u00d6sterreich, gef\u00fchrt von der Familie Kammerleithner in der 4. Generation. Urspr\u00fcnglich, nat\u00fcrlich, traditionell und nachhaltig. Fundamentale Werte auf denen das erfolgreiche landwirtschaftliche Familienunternehmen aufgebaut ist und Werte die das tagt\u00e4gliche Denken und Handeln nicht nur der Familie, sondern aller Mitarbeiter des UrkornHof pr\u00e4gen und beeinflussen. Der Hof \u00fcberzeugt Menschen die Wert auf Qualit\u00e4t, nat\u00fcrlichkeit und den respektvollen Umgang mit der Natur und den daraus resultierenden Lebensmitteln legen.<\/p>\n","protected":false},"excerpt":{"rendered":"<p>Der UrkornHof, ein Bauernhof gelegen mitten im naturbelassenen Almtal, Salzkammergut in \u00d6sterreich, gef\u00fchrt von der Familie Kammerleithner in der 4. Generation. Urspr\u00fcnglich, nat\u00fcrlich, traditionell und nachhaltig. Fundamentale Werte auf denen das erfolgreiche landwirtschaftliche Familienunternehmen aufgebaut ist und Werte die das tagt\u00e4gliche Denken und Handeln nicht nur der Familie, sondern aller Mitarbeiter des UrkornHof pr\u00e4gen und [&hellip;]<\/p>\n","protected":false},"featured_media":62531,"template":"","meta":{"_acf_changed":false},"product_brand":[],"product_cat":[809],"product_tag":[],"class_list":{"0":"post-62529","1":"product","2":"type-product","3":"status-publish","4":"has-post-thumbnail","6":"product_cat-f","7":"pa_packungsgroesse-200g","9":"first","10":"instock","11":"shipping-taxable","12":"purchasable","13":"product-type-simple"},"acf":[],"_links":{"self":[{"href":"https:\/\/www.ernstbrunn-apotheke.at\/katalog\/wp-json\/wp\/v2\/product\/62529","targetHints":{"allow":["GET"]}}],"collection":[{"href":"https:\/\/www.ernstbrunn-apotheke.at\/katalog\/wp-json\/wp\/v2\/product"}],"about":[{"href":"https:\/\/www.ernstbrunn-apotheke.at\/katalog\/wp-json\/wp\/v2\/types\/product"}],"wp:featuredmedia":[{"embeddable":true,"href":"https:\/\/www.ernstbrunn-apotheke.at\/katalog\/wp-json\/wp\/v2\/media\/62531"}],"wp:attachment":[{"href":"https:\/\/www.ernstbrunn-apotheke.at\/katalog\/wp-json\/wp\/v2\/media?parent=62529"}],"wp:term":[{"taxonomy":"product_brand","embeddable":true,"href":"https:\/\/www.ernstbrunn-apotheke.at\/katalog\/wp-json\/wp\/v2\/product_brand?post=62529"},{"taxonomy":"product_cat","embeddable":true,"href":"https:\/\/www.ernstbrunn-apotheke.at\/katalog\/wp-json\/wp\/v2\/product_cat?post=62529"},{"taxonomy":"product_tag","embeddable":true,"href":"https:\/\/www.ernstbrunn-apotheke.at\/katalog\/wp-json\/wp\/v2\/product_tag?post=62529"}],"curies":[{"name":"wp","href":"https:\/\/api.w.org\/{rel}","templated":true}]}}