{"id":62351,"date":"2025-11-11T10:48:21","date_gmt":"2025-11-11T09:48:21","guid":{"rendered":"https:\/\/www.ernstbrunn-apotheke.at\/katalog\/produkt\/bioderma-hydrabio-h2o-reinigungsloesung-250-ml\/"},"modified":"2025-12-08T17:30:33","modified_gmt":"2025-12-08T16:30:33","slug":"bioderma-hydrabio-h2o-reinigungsloesung-250-ml","status":"publish","type":"product","link":"https:\/\/www.ernstbrunn-apotheke.at\/katalog\/produkt\/bioderma-hydrabio-h2o-reinigungsloesung-250-ml\/","title":{"rendered":"Bioderma Hydrabio H2O Reinigungsl\u00f6sung 250 ml"},"content":{"rendered":"<p>Bioderma Hydrabio H20 Reinigungsl\u00f6sung 250 ml ist eine 4-in-1 Reinigungsl\u00f6sung (Reinigung + Make-up- + Augen-Make-up-Entferner + Gesichtswasser) f\u00fcr die feuchtigkeitsarme, empfindliche Haut. Durchfeuchtet und erfrischt die Haut schon beim Reinigen. Entfernt auch wasserfestes Make-Up. Ohne Parabene, ohne Alkohol, leichter Duft.<\/p>\n","protected":false},"excerpt":{"rendered":"<p>Bioderma Hydrabio H20 Reinigungsl\u00f6sung 250 ml ist eine 4-in-1 Reinigungsl\u00f6sung (Reinigung + Make-up- + Augen-Make-up-Entferner + Gesichtswasser) f\u00fcr die feuchtigkeitsarme, empfindliche Haut. Durchfeuchtet und erfrischt die Haut schon beim Reinigen. Entfernt auch wasserfestes Make-Up. Ohne Parabene, ohne Alkohol, leichter Duft.<\/p>\n","protected":false},"featured_media":62353,"template":"","meta":{"_acf_changed":false},"product_brand":[657],"product_cat":[802],"product_tag":[],"class_list":{"0":"post-62351","1":"product","2":"type-product","3":"status-publish","4":"has-post-thumbnail","6":"product_brand-bioderma","7":"product_cat-b","8":"pa_packungsgroesse-250ml","10":"first","11":"instock","12":"shipping-taxable","13":"purchasable","14":"product-type-simple"},"acf":[],"_links":{"self":[{"href":"https:\/\/www.ernstbrunn-apotheke.at\/katalog\/wp-json\/wp\/v2\/product\/62351","targetHints":{"allow":["GET"]}}],"collection":[{"href":"https:\/\/www.ernstbrunn-apotheke.at\/katalog\/wp-json\/wp\/v2\/product"}],"about":[{"href":"https:\/\/www.ernstbrunn-apotheke.at\/katalog\/wp-json\/wp\/v2\/types\/product"}],"wp:featuredmedia":[{"embeddable":true,"href":"https:\/\/www.ernstbrunn-apotheke.at\/katalog\/wp-json\/wp\/v2\/media\/62353"}],"wp:attachment":[{"href":"https:\/\/www.ernstbrunn-apotheke.at\/katalog\/wp-json\/wp\/v2\/media?parent=62351"}],"wp:term":[{"taxonomy":"product_brand","embeddable":true,"href":"https:\/\/www.ernstbrunn-apotheke.at\/katalog\/wp-json\/wp\/v2\/product_brand?post=62351"},{"taxonomy":"product_cat","embeddable":true,"href":"https:\/\/www.ernstbrunn-apotheke.at\/katalog\/wp-json\/wp\/v2\/product_cat?post=62351"},{"taxonomy":"product_tag","embeddable":true,"href":"https:\/\/www.ernstbrunn-apotheke.at\/katalog\/wp-json\/wp\/v2\/product_tag?post=62351"}],"curies":[{"name":"wp","href":"https:\/\/api.w.org\/{rel}","templated":true}]}}