{"id":61503,"date":"2025-11-11T10:13:13","date_gmt":"2025-11-11T09:13:13","guid":{"rendered":"https:\/\/www.ernstbrunn-apotheke.at\/katalog\/produkt\/osp22-aktiv-sport-gel-100-ml\/"},"modified":"2025-12-08T17:26:17","modified_gmt":"2025-12-08T16:26:17","slug":"osp22-aktiv-sport-gel-100-ml","status":"publish","type":"product","link":"https:\/\/www.ernstbrunn-apotheke.at\/katalog\/produkt\/osp22-aktiv-sport-gel-100-ml\/","title":{"rendered":"OSP22 Aktiv Sport Gel 100 ml"},"content":{"rendered":"<p>OSP22\u00ae Sport Aktiv Gel wurde entwickelt, um strapazierte Sehnen und B\u00e4nder nach Anstrengung, Sport oder Verletzung zu nachhaltig zu pflegen. Nat\u00fcrliche Inhaltsstoffe wie Arnika und Menthol \u00fcnterst\u00fctzen diesen Prozess. Das wohltuende Sport Aktiv Gel von OSP22\u00ae ist bei Physiotherapeuten zur Untersterst\u00fctzung Ihrer manuellen Therapie ganz besonders beliebt und wird von Spitzensportlern empfohlen. Bereits vor jeder Aktivit\u00e4t sorgt es f\u00fcr nat\u00fcrliche Unterst\u00fctzung der betroffenen Stellen.<\/p>\n","protected":false},"excerpt":{"rendered":"<p>OSP22\u00ae Sport Aktiv Gel wurde entwickelt, um strapazierte Sehnen und B\u00e4nder nach Anstrengung, Sport oder Verletzung zu nachhaltig zu pflegen. Nat\u00fcrliche Inhaltsstoffe wie Arnika und Menthol \u00fcnterst\u00fctzen diesen Prozess. Das wohltuende Sport Aktiv Gel von OSP22\u00ae ist bei Physiotherapeuten zur Untersterst\u00fctzung Ihrer manuellen Therapie ganz besonders beliebt und wird von Spitzensportlern empfohlen. Bereits vor jeder [&hellip;]<\/p>\n","protected":false},"featured_media":61505,"template":"","meta":{"_acf_changed":false},"product_brand":[],"product_cat":[819],"product_tag":[],"class_list":{"0":"post-61503","1":"product","2":"type-product","3":"status-publish","4":"has-post-thumbnail","6":"product_cat-o","7":"pa_packungsgroesse-100ml","9":"first","10":"instock","11":"shipping-taxable","12":"purchasable","13":"product-type-simple"},"acf":[],"_links":{"self":[{"href":"https:\/\/www.ernstbrunn-apotheke.at\/katalog\/wp-json\/wp\/v2\/product\/61503","targetHints":{"allow":["GET"]}}],"collection":[{"href":"https:\/\/www.ernstbrunn-apotheke.at\/katalog\/wp-json\/wp\/v2\/product"}],"about":[{"href":"https:\/\/www.ernstbrunn-apotheke.at\/katalog\/wp-json\/wp\/v2\/types\/product"}],"wp:featuredmedia":[{"embeddable":true,"href":"https:\/\/www.ernstbrunn-apotheke.at\/katalog\/wp-json\/wp\/v2\/media\/61505"}],"wp:attachment":[{"href":"https:\/\/www.ernstbrunn-apotheke.at\/katalog\/wp-json\/wp\/v2\/media?parent=61503"}],"wp:term":[{"taxonomy":"product_brand","embeddable":true,"href":"https:\/\/www.ernstbrunn-apotheke.at\/katalog\/wp-json\/wp\/v2\/product_brand?post=61503"},{"taxonomy":"product_cat","embeddable":true,"href":"https:\/\/www.ernstbrunn-apotheke.at\/katalog\/wp-json\/wp\/v2\/product_cat?post=61503"},{"taxonomy":"product_tag","embeddable":true,"href":"https:\/\/www.ernstbrunn-apotheke.at\/katalog\/wp-json\/wp\/v2\/product_tag?post=61503"}],"curies":[{"name":"wp","href":"https:\/\/api.w.org\/{rel}","templated":true}]}}