{"id":61477,"date":"2025-11-11T10:12:36","date_gmt":"2025-11-11T09:12:36","guid":{"rendered":"https:\/\/www.ernstbrunn-apotheke.at\/katalog\/produkt\/dallmanns-salbei-kirsch-bonbons-60-g\/"},"modified":"2025-12-08T17:26:11","modified_gmt":"2025-12-08T16:26:11","slug":"dallmanns-salbei-kirsch-bonbons-60-g","status":"publish","type":"product","link":"https:\/\/www.ernstbrunn-apotheke.at\/katalog\/produkt\/dallmanns-salbei-kirsch-bonbons-60-g\/","title":{"rendered":"Dallmann\u00b4s Salbei Kirsch Bonbons 60 g"},"content":{"rendered":"<p>Dallmann\u00b4s Salbei Kirsch Bonbons werden durch die sorgsam ausgew\u00e4hlte Koposition aus der 5% Kirschsaftkonzentrat und 1,1% Salbeiextrakt zu einem Geschmackserlebnis der besonderen Art. Kirschen enthalten viele gesunde Inhaltstoffe wie Vitamin C, Fols\u00e4ure und Calcium. Bei der Herstellung werden nur nat\u00fcrliche Aromen und Farbstoffe verwendet und das zeigt Wirkung. Immer und \u00fcberall. Lassen Sie sich von dem fruchtig leckeren Aroma verw\u00f6hnen.<\/p>\n","protected":false},"excerpt":{"rendered":"<p>Dallmann\u00b4s Salbei Kirsch Bonbons werden durch die sorgsam ausgew\u00e4hlte Koposition aus der 5% Kirschsaftkonzentrat und 1,1% Salbeiextrakt zu einem Geschmackserlebnis der besonderen Art. Kirschen enthalten viele gesunde Inhaltstoffe wie Vitamin C, Fols\u00e4ure und Calcium. Bei der Herstellung werden nur nat\u00fcrliche Aromen und Farbstoffe verwendet und das zeigt Wirkung. Immer und \u00fcberall. Lassen Sie sich von [&hellip;]<\/p>\n","protected":false},"featured_media":0,"template":"","meta":{"_acf_changed":false},"product_brand":[],"product_cat":[792],"product_tag":[],"class_list":{"0":"post-61477","1":"product","2":"type-product","3":"status-publish","5":"product_cat-d","6":"pa_packungsgroesse-60g","8":"first","9":"instock","10":"shipping-taxable","11":"purchasable","12":"product-type-simple"},"acf":[],"_links":{"self":[{"href":"https:\/\/www.ernstbrunn-apotheke.at\/katalog\/wp-json\/wp\/v2\/product\/61477","targetHints":{"allow":["GET"]}}],"collection":[{"href":"https:\/\/www.ernstbrunn-apotheke.at\/katalog\/wp-json\/wp\/v2\/product"}],"about":[{"href":"https:\/\/www.ernstbrunn-apotheke.at\/katalog\/wp-json\/wp\/v2\/types\/product"}],"wp:attachment":[{"href":"https:\/\/www.ernstbrunn-apotheke.at\/katalog\/wp-json\/wp\/v2\/media?parent=61477"}],"wp:term":[{"taxonomy":"product_brand","embeddable":true,"href":"https:\/\/www.ernstbrunn-apotheke.at\/katalog\/wp-json\/wp\/v2\/product_brand?post=61477"},{"taxonomy":"product_cat","embeddable":true,"href":"https:\/\/www.ernstbrunn-apotheke.at\/katalog\/wp-json\/wp\/v2\/product_cat?post=61477"},{"taxonomy":"product_tag","embeddable":true,"href":"https:\/\/www.ernstbrunn-apotheke.at\/katalog\/wp-json\/wp\/v2\/product_tag?post=61477"}],"curies":[{"name":"wp","href":"https:\/\/api.w.org\/{rel}","templated":true}]}}