{"id":61239,"date":"2025-11-11T10:07:24","date_gmt":"2025-11-11T09:07:24","guid":{"rendered":"https:\/\/www.ernstbrunn-apotheke.at\/katalog\/produkt\/zeinpharma-weihrauch-450-mg-kapseln-120-stk\/"},"modified":"2025-12-08T17:25:15","modified_gmt":"2025-12-08T16:25:15","slug":"zeinpharma-weihrauch-450-mg-kapseln-120-stk","status":"publish","type":"product","link":"https:\/\/www.ernstbrunn-apotheke.at\/katalog\/produkt\/zeinpharma-weihrauch-450-mg-kapseln-120-stk\/","title":{"rendered":"ZeinPharma Weihrauch 450 mg Kapseln 120 Stk."},"content":{"rendered":"<p>ZeinPharma Weihrauch Kapseln 450 mg bieten Ihnen die M\u00f6glichkeit, sich die positiven Eigenschaften des traditionellen Weihrauchbaumes langfristig zunutze zu machen. Dieser wird bereits seit Jahrtausenden f\u00fcr seine wertvollen Inhaltsstoffe gesch\u00e4tzt und stellt eine gute Erg\u00e4nzung f\u00fcr jede ausgewogene Ern\u00e4hrung dar.<\/p>\n","protected":false},"excerpt":{"rendered":"<p>ZeinPharma Weihrauch Kapseln 450 mg bieten Ihnen die M\u00f6glichkeit, sich die positiven Eigenschaften des traditionellen Weihrauchbaumes langfristig zunutze zu machen. Dieser wird bereits seit Jahrtausenden f\u00fcr seine wertvollen Inhaltsstoffe gesch\u00e4tzt und stellt eine gute Erg\u00e4nzung f\u00fcr jede ausgewogene Ern\u00e4hrung dar.<\/p>\n","protected":false},"featured_media":61241,"template":"","meta":{"_acf_changed":false},"product_brand":[],"product_cat":[803],"product_tag":[],"class_list":{"0":"post-61239","1":"product","2":"type-product","3":"status-publish","4":"has-post-thumbnail","6":"product_cat-z","7":"pa_packungsgroesse-120-stueck","9":"first","10":"instock","11":"shipping-taxable","12":"purchasable","13":"product-type-simple"},"acf":[],"_links":{"self":[{"href":"https:\/\/www.ernstbrunn-apotheke.at\/katalog\/wp-json\/wp\/v2\/product\/61239","targetHints":{"allow":["GET"]}}],"collection":[{"href":"https:\/\/www.ernstbrunn-apotheke.at\/katalog\/wp-json\/wp\/v2\/product"}],"about":[{"href":"https:\/\/www.ernstbrunn-apotheke.at\/katalog\/wp-json\/wp\/v2\/types\/product"}],"wp:featuredmedia":[{"embeddable":true,"href":"https:\/\/www.ernstbrunn-apotheke.at\/katalog\/wp-json\/wp\/v2\/media\/61241"}],"wp:attachment":[{"href":"https:\/\/www.ernstbrunn-apotheke.at\/katalog\/wp-json\/wp\/v2\/media?parent=61239"}],"wp:term":[{"taxonomy":"product_brand","embeddable":true,"href":"https:\/\/www.ernstbrunn-apotheke.at\/katalog\/wp-json\/wp\/v2\/product_brand?post=61239"},{"taxonomy":"product_cat","embeddable":true,"href":"https:\/\/www.ernstbrunn-apotheke.at\/katalog\/wp-json\/wp\/v2\/product_cat?post=61239"},{"taxonomy":"product_tag","embeddable":true,"href":"https:\/\/www.ernstbrunn-apotheke.at\/katalog\/wp-json\/wp\/v2\/product_tag?post=61239"}],"curies":[{"name":"wp","href":"https:\/\/api.w.org\/{rel}","templated":true}]}}