{"id":60713,"date":"2025-11-11T09:55:45","date_gmt":"2025-11-11T08:55:45","guid":{"rendered":"https:\/\/www.ernstbrunn-apotheke.at\/katalog\/produkt\/dr-ehrenberger-akazienfaser-pulver-bio-360-g\/"},"modified":"2025-12-08T17:22:47","modified_gmt":"2025-12-08T16:22:47","slug":"dr-ehrenberger-akazienfaser-pulver-bio-360-g","status":"publish","type":"product","link":"https:\/\/www.ernstbrunn-apotheke.at\/katalog\/produkt\/dr-ehrenberger-akazienfaser-pulver-bio-360-g\/","title":{"rendered":"Dr. Ehrenberger Akazienfaser Pulver BIO 360 g"},"content":{"rendered":"<p>Akazienfaser Pulver BIO ist reich an Ballaststoffen, die essentiell f\u00fcr die Darmgesundheit sind. Die Stoffe tragen zu einer Erh\u00f6hung des Stuhlgangvolums, einer normalen Funktion des Stuhlgangs sowie zur Verk\u00fcrzung der Transitzeit im Darm bei. Das Produkt ist 100% nat\u00fcrlichen Ursprungs.<\/p>\n","protected":false},"excerpt":{"rendered":"<p>Akazienfaser Pulver BIO ist reich an Ballaststoffen, die essentiell f\u00fcr die Darmgesundheit sind. Die Stoffe tragen zu einer Erh\u00f6hung des Stuhlgangvolums, einer normalen Funktion des Stuhlgangs sowie zur Verk\u00fcrzung der Transitzeit im Darm bei. Das Produkt ist 100% nat\u00fcrlichen Ursprungs.<\/p>\n","protected":false},"featured_media":60715,"template":"","meta":{"_acf_changed":false},"product_brand":[509],"product_cat":[792],"product_tag":[],"class_list":{"0":"post-60713","1":"product","2":"type-product","3":"status-publish","4":"has-post-thumbnail","6":"product_brand-dr-ehrenberger","7":"product_cat-d","8":"pa_packungsgroesse-360g","10":"first","11":"instock","12":"shipping-taxable","13":"purchasable","14":"product-type-simple"},"acf":[],"_links":{"self":[{"href":"https:\/\/www.ernstbrunn-apotheke.at\/katalog\/wp-json\/wp\/v2\/product\/60713","targetHints":{"allow":["GET"]}}],"collection":[{"href":"https:\/\/www.ernstbrunn-apotheke.at\/katalog\/wp-json\/wp\/v2\/product"}],"about":[{"href":"https:\/\/www.ernstbrunn-apotheke.at\/katalog\/wp-json\/wp\/v2\/types\/product"}],"wp:featuredmedia":[{"embeddable":true,"href":"https:\/\/www.ernstbrunn-apotheke.at\/katalog\/wp-json\/wp\/v2\/media\/60715"}],"wp:attachment":[{"href":"https:\/\/www.ernstbrunn-apotheke.at\/katalog\/wp-json\/wp\/v2\/media?parent=60713"}],"wp:term":[{"taxonomy":"product_brand","embeddable":true,"href":"https:\/\/www.ernstbrunn-apotheke.at\/katalog\/wp-json\/wp\/v2\/product_brand?post=60713"},{"taxonomy":"product_cat","embeddable":true,"href":"https:\/\/www.ernstbrunn-apotheke.at\/katalog\/wp-json\/wp\/v2\/product_cat?post=60713"},{"taxonomy":"product_tag","embeddable":true,"href":"https:\/\/www.ernstbrunn-apotheke.at\/katalog\/wp-json\/wp\/v2\/product_tag?post=60713"}],"curies":[{"name":"wp","href":"https:\/\/api.w.org\/{rel}","templated":true}]}}