{"id":60044,"date":"2025-11-10T22:47:44","date_gmt":"2025-11-10T21:47:44","guid":{"rendered":"https:\/\/www.ernstbrunn-apotheke.at\/katalog\/produkt\/rausch-dry-shampoo-100-ml\/"},"modified":"2025-12-08T17:19:43","modified_gmt":"2025-12-08T16:19:43","slug":"rausch-dry-shampoo-100-ml","status":"publish","type":"product","link":"https:\/\/www.ernstbrunn-apotheke.at\/katalog\/produkt\/rausch-dry-shampoo-100-ml\/","title":{"rendered":"Rausch Dry Shampoo 100 ml"},"content":{"rendered":"<p>Rausch Dry Shampoo 100 ml ist ein Trockenshampoo, das intensives Volumen und Frische verleiht. Ihre Haare werden durch die nat\u00fcrlichen Inhaltsstoffe der Schweizer Aronia gepflegt und gesch\u00fctzt. Zus\u00e4tzlich spenden Weizen und Sonnenblume Feuchtigkeit und machen Ihr Haar geschmeidig &#8211; jetzt online bestellen und versandkostenfreie* Lieferung nutzen!<\/p>\n","protected":false},"excerpt":{"rendered":"<p>Rausch Dry Shampoo 100 ml ist ein Trockenshampoo, das intensives Volumen und Frische verleiht. Ihre Haare werden durch die nat\u00fcrlichen Inhaltsstoffe der Schweizer Aronia gepflegt und gesch\u00fctzt. Zus\u00e4tzlich spenden Weizen und Sonnenblume Feuchtigkeit und machen Ihr Haar geschmeidig &#8211; jetzt online bestellen und versandkostenfreie* Lieferung nutzen!<\/p>\n","protected":false},"featured_media":60046,"template":"","meta":{"_acf_changed":false},"product_brand":[648],"product_cat":[808],"product_tag":[],"class_list":{"0":"post-60044","1":"product","2":"type-product","3":"status-publish","4":"has-post-thumbnail","6":"product_brand-rausch","7":"product_cat-r","8":"pa_packungsgroesse-150ml","10":"first","11":"instock","12":"shipping-taxable","13":"purchasable","14":"product-type-simple"},"acf":[],"_links":{"self":[{"href":"https:\/\/www.ernstbrunn-apotheke.at\/katalog\/wp-json\/wp\/v2\/product\/60044","targetHints":{"allow":["GET"]}}],"collection":[{"href":"https:\/\/www.ernstbrunn-apotheke.at\/katalog\/wp-json\/wp\/v2\/product"}],"about":[{"href":"https:\/\/www.ernstbrunn-apotheke.at\/katalog\/wp-json\/wp\/v2\/types\/product"}],"wp:featuredmedia":[{"embeddable":true,"href":"https:\/\/www.ernstbrunn-apotheke.at\/katalog\/wp-json\/wp\/v2\/media\/60046"}],"wp:attachment":[{"href":"https:\/\/www.ernstbrunn-apotheke.at\/katalog\/wp-json\/wp\/v2\/media?parent=60044"}],"wp:term":[{"taxonomy":"product_brand","embeddable":true,"href":"https:\/\/www.ernstbrunn-apotheke.at\/katalog\/wp-json\/wp\/v2\/product_brand?post=60044"},{"taxonomy":"product_cat","embeddable":true,"href":"https:\/\/www.ernstbrunn-apotheke.at\/katalog\/wp-json\/wp\/v2\/product_cat?post=60044"},{"taxonomy":"product_tag","embeddable":true,"href":"https:\/\/www.ernstbrunn-apotheke.at\/katalog\/wp-json\/wp\/v2\/product_tag?post=60044"}],"curies":[{"name":"wp","href":"https:\/\/api.w.org\/{rel}","templated":true}]}}