{"id":59972,"date":"2025-11-10T22:46:38","date_gmt":"2025-11-10T21:46:38","guid":{"rendered":"https:\/\/www.ernstbrunn-apotheke.at\/katalog\/produkt\/bio-h-tin-feile-glas-1-stk\/"},"modified":"2025-12-08T17:19:22","modified_gmt":"2025-12-08T16:19:22","slug":"bio-h-tin-feile-glas-1-stk","status":"publish","type":"product","link":"https:\/\/www.ernstbrunn-apotheke.at\/katalog\/produkt\/bio-h-tin-feile-glas-1-stk\/","title":{"rendered":"Bio-h-tin Feile Glas 1 Stk."},"content":{"rendered":"<p>Bio-h-tin Feile Glas formt und gl\u00e4ttet durch ihre microfeine gl\u00e4serne Schleiffl\u00e4che die N\u00e4gel besonders schonend und absolut gleichm\u00e4\u00dfig. So werden verbl\u00fcffend glatte Nagelr\u00e4nder erreicht und das Splissen der Nagelkante verhindert.<\/p>\n","protected":false},"excerpt":{"rendered":"<p>Bio-h-tin Feile Glas formt und gl\u00e4ttet durch ihre microfeine gl\u00e4serne Schleiffl\u00e4che die N\u00e4gel besonders schonend und absolut gleichm\u00e4\u00dfig. So werden verbl\u00fcffend glatte Nagelr\u00e4nder erreicht und das Splissen der Nagelkante verhindert.<\/p>\n","protected":false},"featured_media":59974,"template":"","meta":{"_acf_changed":false},"product_brand":[634],"product_cat":[802],"product_tag":[],"class_list":{"0":"post-59972","1":"product","2":"type-product","3":"status-publish","4":"has-post-thumbnail","6":"product_brand-bio-h-tin","7":"product_cat-b","8":"pa_packungsgroesse-1-stueck","10":"first","11":"instock","12":"shipping-taxable","13":"purchasable","14":"product-type-simple"},"acf":[],"_links":{"self":[{"href":"https:\/\/www.ernstbrunn-apotheke.at\/katalog\/wp-json\/wp\/v2\/product\/59972","targetHints":{"allow":["GET"]}}],"collection":[{"href":"https:\/\/www.ernstbrunn-apotheke.at\/katalog\/wp-json\/wp\/v2\/product"}],"about":[{"href":"https:\/\/www.ernstbrunn-apotheke.at\/katalog\/wp-json\/wp\/v2\/types\/product"}],"wp:featuredmedia":[{"embeddable":true,"href":"https:\/\/www.ernstbrunn-apotheke.at\/katalog\/wp-json\/wp\/v2\/media\/59974"}],"wp:attachment":[{"href":"https:\/\/www.ernstbrunn-apotheke.at\/katalog\/wp-json\/wp\/v2\/media?parent=59972"}],"wp:term":[{"taxonomy":"product_brand","embeddable":true,"href":"https:\/\/www.ernstbrunn-apotheke.at\/katalog\/wp-json\/wp\/v2\/product_brand?post=59972"},{"taxonomy":"product_cat","embeddable":true,"href":"https:\/\/www.ernstbrunn-apotheke.at\/katalog\/wp-json\/wp\/v2\/product_cat?post=59972"},{"taxonomy":"product_tag","embeddable":true,"href":"https:\/\/www.ernstbrunn-apotheke.at\/katalog\/wp-json\/wp\/v2\/product_tag?post=59972"}],"curies":[{"name":"wp","href":"https:\/\/api.w.org\/{rel}","templated":true}]}}