{"id":59929,"date":"2025-11-10T22:45:54","date_gmt":"2025-11-10T21:45:54","guid":{"rendered":"https:\/\/www.ernstbrunn-apotheke.at\/katalog\/produkt\/allgaeuer-latschenkiefer-mobil-gel-intensiv-100-ml\/"},"modified":"2025-12-08T17:19:05","modified_gmt":"2025-12-08T16:19:05","slug":"allgaeuer-latschenkiefer-mobil-gel-intensiv-100-ml","status":"publish","type":"product","link":"https:\/\/www.ernstbrunn-apotheke.at\/katalog\/produkt\/allgaeuer-latschenkiefer-mobil-gel-intensiv-100-ml\/","title":{"rendered":"Allg\u00e4uer Latschenkiefer Mobil Gel intensiv 100 ml"},"content":{"rendered":"<p>Allg\u00e4uer Latschenkiefer Mobil Gel intensiv ist ein Spezialkosmetikum zur Anwendung als Massagegel f\u00fcr Gelenke und Muskeln. Durch die Massage wird die Regeneration und Entspannung der beanspruchten Muskeln unterst\u00fctzt und gleichzeitig durch die Mobil-Pflegeformel die Haut gepflegt.<\/p>\n","protected":false},"excerpt":{"rendered":"<p>Allg\u00e4uer Latschenkiefer Mobil Gel intensiv ist ein Spezialkosmetikum zur Anwendung als Massagegel f\u00fcr Gelenke und Muskeln. Durch die Massage wird die Regeneration und Entspannung der beanspruchten Muskeln unterst\u00fctzt und gleichzeitig durch die Mobil-Pflegeformel die Haut gepflegt.<\/p>\n","protected":false},"featured_media":59931,"template":"","meta":{"_acf_changed":false},"product_brand":[744],"product_cat":[801],"product_tag":[],"class_list":{"0":"post-59929","1":"product","2":"type-product","3":"status-publish","4":"has-post-thumbnail","6":"product_brand-allgaeuer-latschenkiefer","7":"product_cat-a","8":"pa_packungsgroesse-100ml","10":"first","11":"instock","12":"shipping-taxable","13":"purchasable","14":"product-type-simple"},"acf":[],"_links":{"self":[{"href":"https:\/\/www.ernstbrunn-apotheke.at\/katalog\/wp-json\/wp\/v2\/product\/59929","targetHints":{"allow":["GET"]}}],"collection":[{"href":"https:\/\/www.ernstbrunn-apotheke.at\/katalog\/wp-json\/wp\/v2\/product"}],"about":[{"href":"https:\/\/www.ernstbrunn-apotheke.at\/katalog\/wp-json\/wp\/v2\/types\/product"}],"wp:featuredmedia":[{"embeddable":true,"href":"https:\/\/www.ernstbrunn-apotheke.at\/katalog\/wp-json\/wp\/v2\/media\/59931"}],"wp:attachment":[{"href":"https:\/\/www.ernstbrunn-apotheke.at\/katalog\/wp-json\/wp\/v2\/media?parent=59929"}],"wp:term":[{"taxonomy":"product_brand","embeddable":true,"href":"https:\/\/www.ernstbrunn-apotheke.at\/katalog\/wp-json\/wp\/v2\/product_brand?post=59929"},{"taxonomy":"product_cat","embeddable":true,"href":"https:\/\/www.ernstbrunn-apotheke.at\/katalog\/wp-json\/wp\/v2\/product_cat?post=59929"},{"taxonomy":"product_tag","embeddable":true,"href":"https:\/\/www.ernstbrunn-apotheke.at\/katalog\/wp-json\/wp\/v2\/product_tag?post=59929"}],"curies":[{"name":"wp","href":"https:\/\/api.w.org\/{rel}","templated":true}]}}