{"id":59299,"date":"2025-11-10T22:35:14","date_gmt":"2025-11-10T21:35:14","guid":{"rendered":"https:\/\/www.ernstbrunn-apotheke.at\/katalog\/produkt\/espara-aloe-vera-bio-saft-1000-ml\/"},"modified":"2025-12-08T17:15:46","modified_gmt":"2025-12-08T16:15:46","slug":"espara-aloe-vera-bio-saft-1000-ml","status":"publish","type":"product","link":"https:\/\/www.ernstbrunn-apotheke.at\/katalog\/produkt\/espara-aloe-vera-bio-saft-1000-ml\/","title":{"rendered":"Espara Aloe Vera BIO Saft 1000 ml"},"content":{"rendered":"<p>Mit Qualit\u00e4tsg\u00fctesiegel der N\u00e4hrstoffakademie! Naturtr\u00fcber Frischpflanzensaft, frei von Konservierungsstoffen, von Hand gesch\u00e4lt und schonend verarbeitet. Die Aloe zeichnet sich durch das Zusammenspiel zahlreicher Inhaltsstoffe aus und beeinflusst das Immunsystem sowie den gesamten Stoffwechsel positiv.<\/p>\n","protected":false},"excerpt":{"rendered":"<p>Mit Qualit\u00e4tsg\u00fctesiegel der N\u00e4hrstoffakademie! Naturtr\u00fcber Frischpflanzensaft, frei von Konservierungsstoffen, von Hand gesch\u00e4lt und schonend verarbeitet. Die Aloe zeichnet sich durch das Zusammenspiel zahlreicher Inhaltsstoffe aus und beeinflusst das Immunsystem sowie den gesamten Stoffwechsel positiv.<\/p>\n","protected":false},"featured_media":59301,"template":"","meta":{"_acf_changed":false},"product_brand":[383],"product_cat":[794],"product_tag":[],"class_list":{"0":"post-59299","1":"product","2":"type-product","3":"status-publish","4":"has-post-thumbnail","6":"product_brand-espara","7":"product_cat-e","8":"pa_packungsgroesse-1l","10":"first","11":"instock","12":"shipping-taxable","13":"purchasable","14":"product-type-simple"},"acf":[],"_links":{"self":[{"href":"https:\/\/www.ernstbrunn-apotheke.at\/katalog\/wp-json\/wp\/v2\/product\/59299","targetHints":{"allow":["GET"]}}],"collection":[{"href":"https:\/\/www.ernstbrunn-apotheke.at\/katalog\/wp-json\/wp\/v2\/product"}],"about":[{"href":"https:\/\/www.ernstbrunn-apotheke.at\/katalog\/wp-json\/wp\/v2\/types\/product"}],"wp:featuredmedia":[{"embeddable":true,"href":"https:\/\/www.ernstbrunn-apotheke.at\/katalog\/wp-json\/wp\/v2\/media\/59301"}],"wp:attachment":[{"href":"https:\/\/www.ernstbrunn-apotheke.at\/katalog\/wp-json\/wp\/v2\/media?parent=59299"}],"wp:term":[{"taxonomy":"product_brand","embeddable":true,"href":"https:\/\/www.ernstbrunn-apotheke.at\/katalog\/wp-json\/wp\/v2\/product_brand?post=59299"},{"taxonomy":"product_cat","embeddable":true,"href":"https:\/\/www.ernstbrunn-apotheke.at\/katalog\/wp-json\/wp\/v2\/product_cat?post=59299"},{"taxonomy":"product_tag","embeddable":true,"href":"https:\/\/www.ernstbrunn-apotheke.at\/katalog\/wp-json\/wp\/v2\/product_tag?post=59299"}],"curies":[{"name":"wp","href":"https:\/\/api.w.org\/{rel}","templated":true}]}}