{"id":59114,"date":"2025-11-10T22:18:59","date_gmt":"2025-11-10T21:18:59","guid":{"rendered":"https:\/\/www.ernstbrunn-apotheke.at\/katalog\/produkt\/la-roche-posay-toleriane-teint-mattierendes-mousse-make-up-02-light-beige-30-ml\/"},"modified":"2025-12-08T17:14:58","modified_gmt":"2025-12-08T16:14:58","slug":"la-roche-posay-toleriane-teint-mattierendes-mousse-make-up-02-light-beige-30-ml","status":"publish","type":"product","link":"https:\/\/www.ernstbrunn-apotheke.at\/katalog\/produkt\/la-roche-posay-toleriane-teint-mattierendes-mousse-make-up-02-light-beige-30-ml\/","title":{"rendered":"La Roche-Posay Toleriane Teint mattierendes Mousse Make-Up 02 Light Beige 30 ml"},"content":{"rendered":"<p>F\u00fcr einen ebenm\u00e4\u00dfigen, mattierenden Teint f\u00fcr empfindliche, normale Haut und Mischhaut. Mit LSF 20. Luftige Mousse-Textur f\u00fcr eine samtige und mattierte Haut. Schwei\u00dfresistent und erh\u00e4ltlich in 5 Nuancen.<\/p>\n","protected":false},"excerpt":{"rendered":"<p>F\u00fcr einen ebenm\u00e4\u00dfigen, mattierenden Teint f\u00fcr empfindliche, normale Haut und Mischhaut. Mit LSF 20. Luftige Mousse-Textur f\u00fcr eine samtige und mattierte Haut. Schwei\u00dfresistent und erh\u00e4ltlich in 5 Nuancen.<\/p>\n","protected":false},"featured_media":59116,"template":"","meta":{"_acf_changed":false},"product_brand":[677],"product_cat":[795],"product_tag":[],"class_list":{"0":"post-59114","1":"product","2":"type-product","3":"status-publish","4":"has-post-thumbnail","6":"product_brand-la-roche-posay","7":"product_cat-l","8":"pa_farbe-01-ivory","9":"pa_farbe-02-light-beige","10":"pa_farbe-03-sand","11":"pa_packungsgroesse-30ml","13":"first","14":"instock","15":"shipping-taxable","16":"purchasable","17":"product-type-simple"},"acf":[],"_links":{"self":[{"href":"https:\/\/www.ernstbrunn-apotheke.at\/katalog\/wp-json\/wp\/v2\/product\/59114","targetHints":{"allow":["GET"]}}],"collection":[{"href":"https:\/\/www.ernstbrunn-apotheke.at\/katalog\/wp-json\/wp\/v2\/product"}],"about":[{"href":"https:\/\/www.ernstbrunn-apotheke.at\/katalog\/wp-json\/wp\/v2\/types\/product"}],"wp:featuredmedia":[{"embeddable":true,"href":"https:\/\/www.ernstbrunn-apotheke.at\/katalog\/wp-json\/wp\/v2\/media\/59116"}],"wp:attachment":[{"href":"https:\/\/www.ernstbrunn-apotheke.at\/katalog\/wp-json\/wp\/v2\/media?parent=59114"}],"wp:term":[{"taxonomy":"product_brand","embeddable":true,"href":"https:\/\/www.ernstbrunn-apotheke.at\/katalog\/wp-json\/wp\/v2\/product_brand?post=59114"},{"taxonomy":"product_cat","embeddable":true,"href":"https:\/\/www.ernstbrunn-apotheke.at\/katalog\/wp-json\/wp\/v2\/product_cat?post=59114"},{"taxonomy":"product_tag","embeddable":true,"href":"https:\/\/www.ernstbrunn-apotheke.at\/katalog\/wp-json\/wp\/v2\/product_tag?post=59114"}],"curies":[{"name":"wp","href":"https:\/\/api.w.org\/{rel}","templated":true}]}}