{"id":58579,"date":"2025-11-10T22:09:41","date_gmt":"2025-11-10T21:09:41","guid":{"rendered":"https:\/\/www.ernstbrunn-apotheke.at\/katalog\/produkt\/vitactiv-haare-und-naegel-kapseln-60-stk\/"},"modified":"2025-12-08T17:12:14","modified_gmt":"2025-12-08T16:12:14","slug":"vitactiv-haare-und-naegel-kapseln-60-stk","status":"publish","type":"product","link":"https:\/\/www.ernstbrunn-apotheke.at\/katalog\/produkt\/vitactiv-haare-und-naegel-kapseln-60-stk\/","title":{"rendered":"Vitactiv Haare und N\u00e4gel Kapseln 60 Stk."},"content":{"rendered":"<p>Vitactiv enth\u00e4lt Biotin und Zink f\u00fcr die Erhaltung normaler Haare und N\u00e4gel. Das enthaltene Vitamin D3 sowie die Vitamine B5, B6 und B9 tragen zu einer normalen Funktion des Immunsystems bei. Auch sind sie in der Lage M\u00fcdigkeit und Erm\u00fcdung zu verringern.<\/p>\n","protected":false},"excerpt":{"rendered":"<p>Vitactiv enth\u00e4lt Biotin und Zink f\u00fcr die Erhaltung normaler Haare und N\u00e4gel. Das enthaltene Vitamin D3 sowie die Vitamine B5, B6 und B9 tragen zu einer normalen Funktion des Immunsystems bei. Auch sind sie in der Lage M\u00fcdigkeit und Erm\u00fcdung zu verringern.<\/p>\n","protected":false},"featured_media":58581,"template":"","meta":{"_acf_changed":false},"product_brand":[],"product_cat":[799],"product_tag":[],"class_list":{"0":"post-58579","1":"product","2":"type-product","3":"status-publish","4":"has-post-thumbnail","6":"product_cat-v","7":"pa_packungsgroesse-60-stueck","9":"first","10":"instock","11":"shipping-taxable","12":"purchasable","13":"product-type-simple"},"acf":[],"_links":{"self":[{"href":"https:\/\/www.ernstbrunn-apotheke.at\/katalog\/wp-json\/wp\/v2\/product\/58579","targetHints":{"allow":["GET"]}}],"collection":[{"href":"https:\/\/www.ernstbrunn-apotheke.at\/katalog\/wp-json\/wp\/v2\/product"}],"about":[{"href":"https:\/\/www.ernstbrunn-apotheke.at\/katalog\/wp-json\/wp\/v2\/types\/product"}],"wp:featuredmedia":[{"embeddable":true,"href":"https:\/\/www.ernstbrunn-apotheke.at\/katalog\/wp-json\/wp\/v2\/media\/58581"}],"wp:attachment":[{"href":"https:\/\/www.ernstbrunn-apotheke.at\/katalog\/wp-json\/wp\/v2\/media?parent=58579"}],"wp:term":[{"taxonomy":"product_brand","embeddable":true,"href":"https:\/\/www.ernstbrunn-apotheke.at\/katalog\/wp-json\/wp\/v2\/product_brand?post=58579"},{"taxonomy":"product_cat","embeddable":true,"href":"https:\/\/www.ernstbrunn-apotheke.at\/katalog\/wp-json\/wp\/v2\/product_cat?post=58579"},{"taxonomy":"product_tag","embeddable":true,"href":"https:\/\/www.ernstbrunn-apotheke.at\/katalog\/wp-json\/wp\/v2\/product_tag?post=58579"}],"curies":[{"name":"wp","href":"https:\/\/api.w.org\/{rel}","templated":true}]}}