{"id":57905,"date":"2025-11-10T21:56:51","date_gmt":"2025-11-10T20:56:51","guid":{"rendered":"https:\/\/www.ernstbrunn-apotheke.at\/katalog\/produkt\/haemo-balance-feuchtigkeitstuecher-10-stk-reisepackung\/"},"modified":"2025-12-08T17:09:14","modified_gmt":"2025-12-08T16:09:14","slug":"haemo-balance-feuchtigkeitstuecher-10-stk-reisepackung","status":"publish","type":"product","link":"https:\/\/www.ernstbrunn-apotheke.at\/katalog\/produkt\/haemo-balance-feuchtigkeitstuecher-10-stk-reisepackung\/","title":{"rendered":"Haemo Balance Feuchtigkeitst\u00fccher 10 Stk. Reisepackung"},"content":{"rendered":"<p>Haemo Balance Feuchtigkeitst\u00fccher dienen zur \u00c4u\u00dferenanwendung mit den Wirkstoffen des Ruscus-Wurzelextrakts. Sie sind \u00e4u\u00dferst weich und rei\u00dffest. Die Regeneration angegriffener Haut wird gef\u00f6rdert und ein Austrocknen verhindert.<\/p>\n","protected":false},"excerpt":{"rendered":"<p>Haemo Balance Feuchtigkeitst\u00fccher dienen zur \u00c4u\u00dferenanwendung mit den Wirkstoffen des Ruscus-Wurzelextrakts. Sie sind \u00e4u\u00dferst weich und rei\u00dffest. Die Regeneration angegriffener Haut wird gef\u00f6rdert und ein Austrocknen verhindert.<\/p>\n","protected":false},"featured_media":57907,"template":"","meta":{"_acf_changed":false},"product_brand":[],"product_cat":[805],"product_tag":[],"class_list":{"0":"post-57905","1":"product","2":"type-product","3":"status-publish","4":"has-post-thumbnail","6":"product_cat-h","7":"pa_packungsgroesse-10-stueck","9":"first","10":"instock","11":"shipping-taxable","12":"purchasable","13":"product-type-simple"},"acf":[],"_links":{"self":[{"href":"https:\/\/www.ernstbrunn-apotheke.at\/katalog\/wp-json\/wp\/v2\/product\/57905","targetHints":{"allow":["GET"]}}],"collection":[{"href":"https:\/\/www.ernstbrunn-apotheke.at\/katalog\/wp-json\/wp\/v2\/product"}],"about":[{"href":"https:\/\/www.ernstbrunn-apotheke.at\/katalog\/wp-json\/wp\/v2\/types\/product"}],"wp:featuredmedia":[{"embeddable":true,"href":"https:\/\/www.ernstbrunn-apotheke.at\/katalog\/wp-json\/wp\/v2\/media\/57907"}],"wp:attachment":[{"href":"https:\/\/www.ernstbrunn-apotheke.at\/katalog\/wp-json\/wp\/v2\/media?parent=57905"}],"wp:term":[{"taxonomy":"product_brand","embeddable":true,"href":"https:\/\/www.ernstbrunn-apotheke.at\/katalog\/wp-json\/wp\/v2\/product_brand?post=57905"},{"taxonomy":"product_cat","embeddable":true,"href":"https:\/\/www.ernstbrunn-apotheke.at\/katalog\/wp-json\/wp\/v2\/product_cat?post=57905"},{"taxonomy":"product_tag","embeddable":true,"href":"https:\/\/www.ernstbrunn-apotheke.at\/katalog\/wp-json\/wp\/v2\/product_tag?post=57905"}],"curies":[{"name":"wp","href":"https:\/\/api.w.org\/{rel}","templated":true}]}}