{"id":57585,"date":"2025-11-10T21:11:22","date_gmt":"2025-11-10T20:11:22","guid":{"rendered":"https:\/\/www.ernstbrunn-apotheke.at\/katalog\/produkt\/symbiofem-protect-schutztampon-8-stk\/"},"modified":"2025-12-08T17:07:42","modified_gmt":"2025-12-08T16:07:42","slug":"symbiofem-protect-schutztampon-8-stk","status":"publish","type":"product","link":"https:\/\/www.ernstbrunn-apotheke.at\/katalog\/produkt\/symbiofem-protect-schutztampon-8-stk\/","title":{"rendered":"Symbiofem Protect Schutztampon 8 Stk."},"content":{"rendered":"<p>Symbiofem Protect Schutztampon ist ein Schutztampon f\u00fcr den weiblichen Intimbereich. Er verhindert das Eindringen von eventuell verunreinigtem Wasser, sei es beim Bade-vergn\u00fcgen im Schwimmbad, in einem See oder im Meer, und verhindert so m\u00f6gliche Infektionen durch krankheitserregende Bakterien oder Pilze.<\/p>\n","protected":false},"excerpt":{"rendered":"<p>Symbiofem Protect Schutztampon ist ein Schutztampon f\u00fcr den weiblichen Intimbereich. Er verhindert das Eindringen von eventuell verunreinigtem Wasser, sei es beim Bade-vergn\u00fcgen im Schwimmbad, in einem See oder im Meer, und verhindert so m\u00f6gliche Infektionen durch krankheitserregende Bakterien oder Pilze.<\/p>\n","protected":false},"featured_media":57587,"template":"","meta":{"_acf_changed":false},"product_brand":[],"product_cat":[791],"product_tag":[],"class_list":{"0":"post-57585","1":"product","2":"type-product","3":"status-publish","4":"has-post-thumbnail","6":"product_cat-s","7":"pa_packungsgroesse-8-stueck","9":"first","10":"instock","11":"shipping-taxable","12":"purchasable","13":"product-type-simple"},"acf":[],"_links":{"self":[{"href":"https:\/\/www.ernstbrunn-apotheke.at\/katalog\/wp-json\/wp\/v2\/product\/57585","targetHints":{"allow":["GET"]}}],"collection":[{"href":"https:\/\/www.ernstbrunn-apotheke.at\/katalog\/wp-json\/wp\/v2\/product"}],"about":[{"href":"https:\/\/www.ernstbrunn-apotheke.at\/katalog\/wp-json\/wp\/v2\/types\/product"}],"wp:featuredmedia":[{"embeddable":true,"href":"https:\/\/www.ernstbrunn-apotheke.at\/katalog\/wp-json\/wp\/v2\/media\/57587"}],"wp:attachment":[{"href":"https:\/\/www.ernstbrunn-apotheke.at\/katalog\/wp-json\/wp\/v2\/media?parent=57585"}],"wp:term":[{"taxonomy":"product_brand","embeddable":true,"href":"https:\/\/www.ernstbrunn-apotheke.at\/katalog\/wp-json\/wp\/v2\/product_brand?post=57585"},{"taxonomy":"product_cat","embeddable":true,"href":"https:\/\/www.ernstbrunn-apotheke.at\/katalog\/wp-json\/wp\/v2\/product_cat?post=57585"},{"taxonomy":"product_tag","embeddable":true,"href":"https:\/\/www.ernstbrunn-apotheke.at\/katalog\/wp-json\/wp\/v2\/product_tag?post=57585"}],"curies":[{"name":"wp","href":"https:\/\/api.w.org\/{rel}","templated":true}]}}