{"id":57505,"date":"2025-11-10T21:10:19","date_gmt":"2025-11-10T20:10:19","guid":{"rendered":"https:\/\/www.ernstbrunn-apotheke.at\/katalog\/produkt\/dallmanns-salbei-bonbons-zuckerfrei-37-g\/"},"modified":"2025-12-08T17:07:22","modified_gmt":"2025-12-08T16:07:22","slug":"dallmanns-salbei-bonbons-zuckerfrei-37-g","status":"publish","type":"product","link":"https:\/\/www.ernstbrunn-apotheke.at\/katalog\/produkt\/dallmanns-salbei-bonbons-zuckerfrei-37-g\/","title":{"rendered":"Dallmanns Salbei Bonbons zuckerfrei 37 g"},"content":{"rendered":"<p>Dallmann&#8217;s Salbei Bonbons zuckerfrei 1,3% von alt bew\u00e4hrtem Salbeiextrakt und erhalten ihre S\u00fc\u00dfe durch S\u00fc\u00dfungsmittel. Sie schmecken lecker und mild, haben eine wohltuende Wirkung auf den Hals und dienen zur Linderung von Husten. Au\u00dferdem sind die Bonbons reich an wertvollem Vitamin C und ihre Herstellung erfolgt ohne Gentechnik und Zusatz von k\u00fcnstlichen Farb- und Konservierungsstoffen oder Gluten.<\/p>\n","protected":false},"excerpt":{"rendered":"<p>Dallmann&#8217;s Salbei Bonbons zuckerfrei 1,3% von alt bew\u00e4hrtem Salbeiextrakt und erhalten ihre S\u00fc\u00dfe durch S\u00fc\u00dfungsmittel. Sie schmecken lecker und mild, haben eine wohltuende Wirkung auf den Hals und dienen zur Linderung von Husten. Au\u00dferdem sind die Bonbons reich an wertvollem Vitamin C und ihre Herstellung erfolgt ohne Gentechnik und Zusatz von k\u00fcnstlichen Farb- und Konservierungsstoffen [&hellip;]<\/p>\n","protected":false},"featured_media":57507,"template":"","meta":{"_acf_changed":false},"product_brand":[],"product_cat":[792],"product_tag":[],"class_list":{"0":"post-57505","1":"product","2":"type-product","3":"status-publish","4":"has-post-thumbnail","6":"product_cat-d","7":"pa_packungsgroesse-37g","9":"first","10":"instock","11":"shipping-taxable","12":"purchasable","13":"product-type-simple"},"acf":[],"_links":{"self":[{"href":"https:\/\/www.ernstbrunn-apotheke.at\/katalog\/wp-json\/wp\/v2\/product\/57505","targetHints":{"allow":["GET"]}}],"collection":[{"href":"https:\/\/www.ernstbrunn-apotheke.at\/katalog\/wp-json\/wp\/v2\/product"}],"about":[{"href":"https:\/\/www.ernstbrunn-apotheke.at\/katalog\/wp-json\/wp\/v2\/types\/product"}],"wp:featuredmedia":[{"embeddable":true,"href":"https:\/\/www.ernstbrunn-apotheke.at\/katalog\/wp-json\/wp\/v2\/media\/57507"}],"wp:attachment":[{"href":"https:\/\/www.ernstbrunn-apotheke.at\/katalog\/wp-json\/wp\/v2\/media?parent=57505"}],"wp:term":[{"taxonomy":"product_brand","embeddable":true,"href":"https:\/\/www.ernstbrunn-apotheke.at\/katalog\/wp-json\/wp\/v2\/product_brand?post=57505"},{"taxonomy":"product_cat","embeddable":true,"href":"https:\/\/www.ernstbrunn-apotheke.at\/katalog\/wp-json\/wp\/v2\/product_cat?post=57505"},{"taxonomy":"product_tag","embeddable":true,"href":"https:\/\/www.ernstbrunn-apotheke.at\/katalog\/wp-json\/wp\/v2\/product_tag?post=57505"}],"curies":[{"name":"wp","href":"https:\/\/api.w.org\/{rel}","templated":true}]}}