{"id":57495,"date":"2025-11-10T21:09:41","date_gmt":"2025-11-10T20:09:41","guid":{"rendered":"https:\/\/www.ernstbrunn-apotheke.at\/katalog\/produkt\/dallmanns-hustenbonbons-salbei-37-g\/"},"modified":"2025-12-08T17:07:20","modified_gmt":"2025-12-08T16:07:20","slug":"dallmanns-hustenbonbons-salbei-37-g","status":"publish","type":"product","link":"https:\/\/www.ernstbrunn-apotheke.at\/katalog\/produkt\/dallmanns-hustenbonbons-salbei-37-g\/","title":{"rendered":"Dallmanns Hustenbonbons Salbei 37 g"},"content":{"rendered":"<p>Dallmann&#8217;s Hustenbonbons Salbei verw\u00f6hnen auf sanfte, s\u00e4uerlich erfrischende Art. Der Salbei ist eine sehr vielseitige Pflanze und seit dem fr\u00fchen Altertum als solche bekannt. Angereichert mit Vitamin C und mit dem Extrakt des Salbei sind die diese Bonbons das Mittel erster Wahl bei Husten -.<\/p>\n","protected":false},"excerpt":{"rendered":"<p>Dallmann&#8217;s Hustenbonbons Salbei verw\u00f6hnen auf sanfte, s\u00e4uerlich erfrischende Art. Der Salbei ist eine sehr vielseitige Pflanze und seit dem fr\u00fchen Altertum als solche bekannt. Angereichert mit Vitamin C und mit dem Extrakt des Salbei sind die diese Bonbons das Mittel erster Wahl bei Husten -.<\/p>\n","protected":false},"featured_media":57497,"template":"","meta":{"_acf_changed":false},"product_brand":[],"product_cat":[792],"product_tag":[],"class_list":{"0":"post-57495","1":"product","2":"type-product","3":"status-publish","4":"has-post-thumbnail","6":"product_cat-d","7":"pa_packungsgroesse-37g","9":"first","10":"instock","11":"shipping-taxable","12":"purchasable","13":"product-type-simple"},"acf":[],"_links":{"self":[{"href":"https:\/\/www.ernstbrunn-apotheke.at\/katalog\/wp-json\/wp\/v2\/product\/57495","targetHints":{"allow":["GET"]}}],"collection":[{"href":"https:\/\/www.ernstbrunn-apotheke.at\/katalog\/wp-json\/wp\/v2\/product"}],"about":[{"href":"https:\/\/www.ernstbrunn-apotheke.at\/katalog\/wp-json\/wp\/v2\/types\/product"}],"wp:featuredmedia":[{"embeddable":true,"href":"https:\/\/www.ernstbrunn-apotheke.at\/katalog\/wp-json\/wp\/v2\/media\/57497"}],"wp:attachment":[{"href":"https:\/\/www.ernstbrunn-apotheke.at\/katalog\/wp-json\/wp\/v2\/media?parent=57495"}],"wp:term":[{"taxonomy":"product_brand","embeddable":true,"href":"https:\/\/www.ernstbrunn-apotheke.at\/katalog\/wp-json\/wp\/v2\/product_brand?post=57495"},{"taxonomy":"product_cat","embeddable":true,"href":"https:\/\/www.ernstbrunn-apotheke.at\/katalog\/wp-json\/wp\/v2\/product_cat?post=57495"},{"taxonomy":"product_tag","embeddable":true,"href":"https:\/\/www.ernstbrunn-apotheke.at\/katalog\/wp-json\/wp\/v2\/product_tag?post=57495"}],"curies":[{"name":"wp","href":"https:\/\/api.w.org\/{rel}","templated":true}]}}