{"id":57371,"date":"2025-11-10T21:07:25","date_gmt":"2025-11-10T20:07:25","guid":{"rendered":"https:\/\/www.ernstbrunn-apotheke.at\/katalog\/produkt\/dr-soldan-em-eukal-bonbons-75-g-johannisbeere-ohne-zucker\/"},"modified":"2025-12-08T17:06:49","modified_gmt":"2025-12-08T16:06:49","slug":"dr-soldan-em-eukal-bonbons-75-g-johannisbeere-ohne-zucker","status":"publish","type":"product","link":"https:\/\/www.ernstbrunn-apotheke.at\/katalog\/produkt\/dr-soldan-em-eukal-bonbons-75-g-johannisbeere-ohne-zucker\/","title":{"rendered":"Dr. Soldan Em-Eukal Bonbons 75 g Johannisbeere ohne Zucker"},"content":{"rendered":"<p>Vor \u00fcber 115 Jahren legte Dr. Carl Soldan, der Urgro\u00dfvater des gesch\u00e4ftsf\u00fchrenden Gesellschafters Perry Soldan, den Grundstein f\u00fcr das Familienunternehmen und der starken Marken.Der Apotheker und Medizinalrat \u00fcberraschte von Beginn an konsequent mit selbst entwickelten Produkten, die am Puls der Zeit waren und \u00fcberzeugte nat\u00fcrlich mit Innovationen im Bereich Bonbons, allen voran Em-eukal\u00ae<\/p>\n","protected":false},"excerpt":{"rendered":"<p>Vor \u00fcber 115 Jahren legte Dr. Carl Soldan, der Urgro\u00dfvater des gesch\u00e4ftsf\u00fchrenden Gesellschafters Perry Soldan, den Grundstein f\u00fcr das Familienunternehmen und der starken Marken.Der Apotheker und Medizinalrat \u00fcberraschte von Beginn an konsequent mit selbst entwickelten Produkten, die am Puls der Zeit waren und \u00fcberzeugte nat\u00fcrlich mit Innovationen im Bereich Bonbons, allen voran Em-eukal\u00ae<\/p>\n","protected":false},"featured_media":57373,"template":"","meta":{"_acf_changed":false},"product_brand":[1100],"product_cat":[792],"product_tag":[],"class_list":{"0":"post-57371","1":"product","2":"type-product","3":"status-publish","4":"has-post-thumbnail","6":"product_brand-em-eukal","7":"product_cat-d","8":"pa_packungsgroesse-75g","10":"first","11":"instock","12":"shipping-taxable","13":"purchasable","14":"product-type-simple"},"acf":[],"_links":{"self":[{"href":"https:\/\/www.ernstbrunn-apotheke.at\/katalog\/wp-json\/wp\/v2\/product\/57371","targetHints":{"allow":["GET"]}}],"collection":[{"href":"https:\/\/www.ernstbrunn-apotheke.at\/katalog\/wp-json\/wp\/v2\/product"}],"about":[{"href":"https:\/\/www.ernstbrunn-apotheke.at\/katalog\/wp-json\/wp\/v2\/types\/product"}],"wp:featuredmedia":[{"embeddable":true,"href":"https:\/\/www.ernstbrunn-apotheke.at\/katalog\/wp-json\/wp\/v2\/media\/57373"}],"wp:attachment":[{"href":"https:\/\/www.ernstbrunn-apotheke.at\/katalog\/wp-json\/wp\/v2\/media?parent=57371"}],"wp:term":[{"taxonomy":"product_brand","embeddable":true,"href":"https:\/\/www.ernstbrunn-apotheke.at\/katalog\/wp-json\/wp\/v2\/product_brand?post=57371"},{"taxonomy":"product_cat","embeddable":true,"href":"https:\/\/www.ernstbrunn-apotheke.at\/katalog\/wp-json\/wp\/v2\/product_cat?post=57371"},{"taxonomy":"product_tag","embeddable":true,"href":"https:\/\/www.ernstbrunn-apotheke.at\/katalog\/wp-json\/wp\/v2\/product_tag?post=57371"}],"curies":[{"name":"wp","href":"https:\/\/api.w.org\/{rel}","templated":true}]}}