{"id":57311,"date":"2025-11-10T21:06:18","date_gmt":"2025-11-10T20:06:18","guid":{"rendered":"https:\/\/www.ernstbrunn-apotheke.at\/katalog\/produkt\/adrisin-tabletten-50-stk\/"},"modified":"2025-12-08T17:06:36","modified_gmt":"2025-12-08T16:06:36","slug":"adrisin-tabletten-50-stk","status":"publish","type":"product","link":"https:\/\/www.ernstbrunn-apotheke.at\/katalog\/produkt\/adrisin-tabletten-50-stk\/","title":{"rendered":"Adrisin Tabletten 50 Stk."},"content":{"rendered":"<p>Adrisin ist ein hom\u00f6opathisches Kombinationsarzneimittel zur vorbeugenden Behandlung und zur Linderung von Allergiesymptomen wie Niesen, laufende Nase, tr\u00e4nende Augen, Hautirritationen. Adrisin unterst\u00fctzt den K\u00f6rper in seiner nat\u00fcrlichen Regulationsf\u00e4higkeit und wirkt nicht \u00fcber die Rezeptorblockaden. Daher tritt auch keine M\u00fcdigkeit und Mundtrockenheit auf.<\/p>\n","protected":false},"excerpt":{"rendered":"<p>Adrisin ist ein hom\u00f6opathisches Kombinationsarzneimittel zur vorbeugenden Behandlung und zur Linderung von Allergiesymptomen wie Niesen, laufende Nase, tr\u00e4nende Augen, Hautirritationen. Adrisin unterst\u00fctzt den K\u00f6rper in seiner nat\u00fcrlichen Regulationsf\u00e4higkeit und wirkt nicht \u00fcber die Rezeptorblockaden. Daher tritt auch keine M\u00fcdigkeit und Mundtrockenheit auf.<\/p>\n","protected":false},"featured_media":57313,"template":"","meta":{"_acf_changed":false},"product_brand":[315],"product_cat":[801],"product_tag":[],"class_list":{"0":"post-57311","1":"product","2":"type-product","3":"status-publish","4":"has-post-thumbnail","6":"product_brand-heel","7":"product_cat-a","8":"pa_packungsgroesse-50-stueck","10":"first","11":"instock","12":"shipping-taxable","13":"purchasable","14":"product-type-simple"},"acf":[],"_links":{"self":[{"href":"https:\/\/www.ernstbrunn-apotheke.at\/katalog\/wp-json\/wp\/v2\/product\/57311","targetHints":{"allow":["GET"]}}],"collection":[{"href":"https:\/\/www.ernstbrunn-apotheke.at\/katalog\/wp-json\/wp\/v2\/product"}],"about":[{"href":"https:\/\/www.ernstbrunn-apotheke.at\/katalog\/wp-json\/wp\/v2\/types\/product"}],"wp:featuredmedia":[{"embeddable":true,"href":"https:\/\/www.ernstbrunn-apotheke.at\/katalog\/wp-json\/wp\/v2\/media\/57313"}],"wp:attachment":[{"href":"https:\/\/www.ernstbrunn-apotheke.at\/katalog\/wp-json\/wp\/v2\/media?parent=57311"}],"wp:term":[{"taxonomy":"product_brand","embeddable":true,"href":"https:\/\/www.ernstbrunn-apotheke.at\/katalog\/wp-json\/wp\/v2\/product_brand?post=57311"},{"taxonomy":"product_cat","embeddable":true,"href":"https:\/\/www.ernstbrunn-apotheke.at\/katalog\/wp-json\/wp\/v2\/product_cat?post=57311"},{"taxonomy":"product_tag","embeddable":true,"href":"https:\/\/www.ernstbrunn-apotheke.at\/katalog\/wp-json\/wp\/v2\/product_tag?post=57311"}],"curies":[{"name":"wp","href":"https:\/\/api.w.org\/{rel}","templated":true}]}}