{"id":57268,"date":"2025-11-10T21:05:50","date_gmt":"2025-11-10T20:05:50","guid":{"rendered":"https:\/\/www.ernstbrunn-apotheke.at\/katalog\/produkt\/la-roche-posay-toleriane-mascara-volume-noir\/"},"modified":"2025-12-08T17:06:26","modified_gmt":"2025-12-08T16:06:26","slug":"la-roche-posay-toleriane-mascara-volume-noir","status":"publish","type":"product","link":"https:\/\/www.ernstbrunn-apotheke.at\/katalog\/produkt\/la-roche-posay-toleriane-mascara-volume-noir\/","title":{"rendered":"La Roche Posay Toleriane Mascara Volume Noir"},"content":{"rendered":"<p>La Roche-Posay Mascara Respectissime Vol verleiht maximal volumin\u00f6se Wimpern und unterst\u00fctzt ihr nat\u00fcrliches Wachstum dank Wimpern-Aktivierungs-Serum. Die ultra-sanfte B\u00fcrste sorgt daf\u00fcr, dass die empfindliche Augenkontur nicht zus\u00e4tzlich gereizt wird. Mit k\u00fcnstlich nachgebildeter Tr\u00e4nenfl\u00fcssigkeit.<\/p>\n","protected":false},"excerpt":{"rendered":"<p>La Roche-Posay Mascara Respectissime Vol verleiht maximal volumin\u00f6se Wimpern und unterst\u00fctzt ihr nat\u00fcrliches Wachstum dank Wimpern-Aktivierungs-Serum. Die ultra-sanfte B\u00fcrste sorgt daf\u00fcr, dass die empfindliche Augenkontur nicht zus\u00e4tzlich gereizt wird. Mit k\u00fcnstlich nachgebildeter Tr\u00e4nenfl\u00fcssigkeit.<\/p>\n","protected":false},"featured_media":57270,"template":"","meta":{"_acf_changed":false},"product_brand":[677],"product_cat":[795],"product_tag":[],"class_list":{"0":"post-57268","1":"product","2":"type-product","3":"status-publish","4":"has-post-thumbnail","6":"product_brand-la-roche-posay","7":"product_cat-l","8":"pa_farbe-schwarz","9":"pa_packungsgroesse-1-stueck","11":"first","12":"instock","13":"shipping-taxable","14":"purchasable","15":"product-type-simple"},"acf":[],"_links":{"self":[{"href":"https:\/\/www.ernstbrunn-apotheke.at\/katalog\/wp-json\/wp\/v2\/product\/57268","targetHints":{"allow":["GET"]}}],"collection":[{"href":"https:\/\/www.ernstbrunn-apotheke.at\/katalog\/wp-json\/wp\/v2\/product"}],"about":[{"href":"https:\/\/www.ernstbrunn-apotheke.at\/katalog\/wp-json\/wp\/v2\/types\/product"}],"wp:featuredmedia":[{"embeddable":true,"href":"https:\/\/www.ernstbrunn-apotheke.at\/katalog\/wp-json\/wp\/v2\/media\/57270"}],"wp:attachment":[{"href":"https:\/\/www.ernstbrunn-apotheke.at\/katalog\/wp-json\/wp\/v2\/media?parent=57268"}],"wp:term":[{"taxonomy":"product_brand","embeddable":true,"href":"https:\/\/www.ernstbrunn-apotheke.at\/katalog\/wp-json\/wp\/v2\/product_brand?post=57268"},{"taxonomy":"product_cat","embeddable":true,"href":"https:\/\/www.ernstbrunn-apotheke.at\/katalog\/wp-json\/wp\/v2\/product_cat?post=57268"},{"taxonomy":"product_tag","embeddable":true,"href":"https:\/\/www.ernstbrunn-apotheke.at\/katalog\/wp-json\/wp\/v2\/product_tag?post=57268"}],"curies":[{"name":"wp","href":"https:\/\/api.w.org\/{rel}","templated":true}]}}