{"id":57072,"date":"2025-11-10T21:02:30","date_gmt":"2025-11-10T20:02:30","guid":{"rendered":"https:\/\/www.ernstbrunn-apotheke.at\/katalog\/produkt\/egger-eibischteig-zuckerfrei-60-g\/"},"modified":"2025-12-08T17:05:21","modified_gmt":"2025-12-08T16:05:21","slug":"egger-eibischteig-zuckerfrei-60-g","status":"publish","type":"product","link":"https:\/\/www.ernstbrunn-apotheke.at\/katalog\/produkt\/egger-eibischteig-zuckerfrei-60-g\/","title":{"rendered":"Egger Eibischteig zuckerfrei 60 g"},"content":{"rendered":"<p>Egger Eibischteig zuckerfrei enthalten wertvolle pflanzliche Extrakte aus Eibisch, S\u00fc\u00dfholzwurzel und Rosen\u00f6l. Diese und weitere ausgew\u00e4hlte Inhaltsstoffe verleihen den Gummibonbons ihre schleiml\u00f6senden, reizmildernden und beruhigenden Eigenschaften. Besonders gut eignen sich die Bonbons zur Behandlung von gereiztem Hals oder Heiserkeit und Husten.<\/p>\n","protected":false},"excerpt":{"rendered":"<p>Egger Eibischteig zuckerfrei enthalten wertvolle pflanzliche Extrakte aus Eibisch, S\u00fc\u00dfholzwurzel und Rosen\u00f6l. Diese und weitere ausgew\u00e4hlte Inhaltsstoffe verleihen den Gummibonbons ihre schleiml\u00f6senden, reizmildernden und beruhigenden Eigenschaften. Besonders gut eignen sich die Bonbons zur Behandlung von gereiztem Hals oder Heiserkeit und Husten.<\/p>\n","protected":false},"featured_media":57074,"template":"","meta":{"_acf_changed":false},"product_brand":[],"product_cat":[794],"product_tag":[],"class_list":{"0":"post-57072","1":"product","2":"type-product","3":"status-publish","4":"has-post-thumbnail","6":"product_cat-e","7":"pa_packungsgroesse-60g","9":"first","10":"instock","11":"shipping-taxable","12":"purchasable","13":"product-type-simple"},"acf":[],"_links":{"self":[{"href":"https:\/\/www.ernstbrunn-apotheke.at\/katalog\/wp-json\/wp\/v2\/product\/57072","targetHints":{"allow":["GET"]}}],"collection":[{"href":"https:\/\/www.ernstbrunn-apotheke.at\/katalog\/wp-json\/wp\/v2\/product"}],"about":[{"href":"https:\/\/www.ernstbrunn-apotheke.at\/katalog\/wp-json\/wp\/v2\/types\/product"}],"wp:featuredmedia":[{"embeddable":true,"href":"https:\/\/www.ernstbrunn-apotheke.at\/katalog\/wp-json\/wp\/v2\/media\/57074"}],"wp:attachment":[{"href":"https:\/\/www.ernstbrunn-apotheke.at\/katalog\/wp-json\/wp\/v2\/media?parent=57072"}],"wp:term":[{"taxonomy":"product_brand","embeddable":true,"href":"https:\/\/www.ernstbrunn-apotheke.at\/katalog\/wp-json\/wp\/v2\/product_brand?post=57072"},{"taxonomy":"product_cat","embeddable":true,"href":"https:\/\/www.ernstbrunn-apotheke.at\/katalog\/wp-json\/wp\/v2\/product_cat?post=57072"},{"taxonomy":"product_tag","embeddable":true,"href":"https:\/\/www.ernstbrunn-apotheke.at\/katalog\/wp-json\/wp\/v2\/product_tag?post=57072"}],"curies":[{"name":"wp","href":"https:\/\/api.w.org\/{rel}","templated":true}]}}