{"id":56953,"date":"2025-11-10T20:59:53","date_gmt":"2025-11-10T19:59:53","guid":{"rendered":"https:\/\/www.ernstbrunn-apotheke.at\/katalog\/produkt\/mascara-med-wimperwachstum-pflege-mascara-5-ml\/"},"modified":"2025-12-08T17:04:36","modified_gmt":"2025-12-08T16:04:36","slug":"mascara-med-wimperwachstum-pflege-mascara-5-ml","status":"publish","type":"product","link":"https:\/\/www.ernstbrunn-apotheke.at\/katalog\/produkt\/mascara-med-wimperwachstum-pflege-mascara-5-ml\/","title":{"rendered":"Mascara med \u2013 Wimperwachstum &#038; Pflege Mascara 5 ml"},"content":{"rendered":"<p>Mascara med \u2013 Wimperwachstum &#038; Pflege Mascara t\u00f6nt Ihre Wimpern intensiv schwarz und f\u00f6rdert das Wimpernwachstum. Der Mascara n\u00e4hrt und pflegt durch den modernen Wirkstoffkomplex &#8211; jetzt mit hohem Rabatt bestellen f\u00fcr den perfekten Augenaufschlag!<\/p>\n","protected":false},"excerpt":{"rendered":"<p>Mascara med \u2013 Wimperwachstum &#038; Pflege Mascara t\u00f6nt Ihre Wimpern intensiv schwarz und f\u00f6rdert das Wimpernwachstum. Der Mascara n\u00e4hrt und pflegt durch den modernen Wirkstoffkomplex &#8211; jetzt mit hohem Rabatt bestellen f\u00fcr den perfekten Augenaufschlag!<\/p>\n","protected":false},"featured_media":56955,"template":"","meta":{"_acf_changed":false},"product_brand":[],"product_cat":[800],"product_tag":[],"class_list":{"0":"post-56953","1":"product","2":"type-product","3":"status-publish","4":"has-post-thumbnail","6":"product_cat-m","7":"pa_packungsgroesse-5ml","9":"first","10":"instock","11":"shipping-taxable","12":"purchasable","13":"product-type-simple"},"acf":[],"_links":{"self":[{"href":"https:\/\/www.ernstbrunn-apotheke.at\/katalog\/wp-json\/wp\/v2\/product\/56953","targetHints":{"allow":["GET"]}}],"collection":[{"href":"https:\/\/www.ernstbrunn-apotheke.at\/katalog\/wp-json\/wp\/v2\/product"}],"about":[{"href":"https:\/\/www.ernstbrunn-apotheke.at\/katalog\/wp-json\/wp\/v2\/types\/product"}],"wp:featuredmedia":[{"embeddable":true,"href":"https:\/\/www.ernstbrunn-apotheke.at\/katalog\/wp-json\/wp\/v2\/media\/56955"}],"wp:attachment":[{"href":"https:\/\/www.ernstbrunn-apotheke.at\/katalog\/wp-json\/wp\/v2\/media?parent=56953"}],"wp:term":[{"taxonomy":"product_brand","embeddable":true,"href":"https:\/\/www.ernstbrunn-apotheke.at\/katalog\/wp-json\/wp\/v2\/product_brand?post=56953"},{"taxonomy":"product_cat","embeddable":true,"href":"https:\/\/www.ernstbrunn-apotheke.at\/katalog\/wp-json\/wp\/v2\/product_cat?post=56953"},{"taxonomy":"product_tag","embeddable":true,"href":"https:\/\/www.ernstbrunn-apotheke.at\/katalog\/wp-json\/wp\/v2\/product_tag?post=56953"}],"curies":[{"name":"wp","href":"https:\/\/api.w.org\/{rel}","templated":true}]}}