{"id":56205,"date":"2025-11-10T20:44:36","date_gmt":"2025-11-10T19:44:36","guid":{"rendered":"https:\/\/www.ernstbrunn-apotheke.at\/katalog\/produkt\/dr-jacobs-basen-tabletten-250-stk\/"},"modified":"2025-12-08T17:01:51","modified_gmt":"2025-12-08T16:01:51","slug":"dr-jacobs-basen-tabletten-250-stk","status":"publish","type":"product","link":"https:\/\/www.ernstbrunn-apotheke.at\/katalog\/produkt\/dr-jacobs-basen-tabletten-250-stk\/","title":{"rendered":"Dr. Jacobs Basen Tabletten 250 Stk."},"content":{"rendered":"<p>Dr. Jacob\u2019s Basentabletten mit Vitamin C aus Acerola und Vitamin D bieten Mineralstoffe in Natur-Balance! Kalium, Natrium, Calcium, Magnesium, aber auch die wertvolle Vitamine C &#038; D st\u00e4rken Knochen, Z\u00e4hne, Nerven, Muskeln und sorgen f\u00fcr einen normalen Blutdruck. Dr. Jacob\u2018s Basentabletten eignen sich perfekt f\u00fcr Di\u00e4t, Basenkur, Basen-Fasten und basische Ern\u00e4hrung.<\/p>\n","protected":false},"excerpt":{"rendered":"<p>Dr. Jacob\u2019s Basentabletten mit Vitamin C aus Acerola und Vitamin D bieten Mineralstoffe in Natur-Balance! Kalium, Natrium, Calcium, Magnesium, aber auch die wertvolle Vitamine C &#038; D st\u00e4rken Knochen, Z\u00e4hne, Nerven, Muskeln und sorgen f\u00fcr einen normalen Blutdruck. Dr. Jacob\u2018s Basentabletten eignen sich perfekt f\u00fcr Di\u00e4t, Basenkur, Basen-Fasten und basische Ern\u00e4hrung.<\/p>\n","protected":false},"featured_media":56207,"template":"","meta":{"_acf_changed":false},"product_brand":[433],"product_cat":[792],"product_tag":[],"class_list":{"0":"post-56205","1":"product","2":"type-product","3":"status-publish","4":"has-post-thumbnail","6":"product_brand-dr-jacobs","7":"product_cat-d","8":"pa_packungsgroesse-250-stueck","10":"first","11":"instock","12":"shipping-taxable","13":"purchasable","14":"product-type-simple"},"acf":[],"_links":{"self":[{"href":"https:\/\/www.ernstbrunn-apotheke.at\/katalog\/wp-json\/wp\/v2\/product\/56205","targetHints":{"allow":["GET"]}}],"collection":[{"href":"https:\/\/www.ernstbrunn-apotheke.at\/katalog\/wp-json\/wp\/v2\/product"}],"about":[{"href":"https:\/\/www.ernstbrunn-apotheke.at\/katalog\/wp-json\/wp\/v2\/types\/product"}],"wp:featuredmedia":[{"embeddable":true,"href":"https:\/\/www.ernstbrunn-apotheke.at\/katalog\/wp-json\/wp\/v2\/media\/56207"}],"wp:attachment":[{"href":"https:\/\/www.ernstbrunn-apotheke.at\/katalog\/wp-json\/wp\/v2\/media?parent=56205"}],"wp:term":[{"taxonomy":"product_brand","embeddable":true,"href":"https:\/\/www.ernstbrunn-apotheke.at\/katalog\/wp-json\/wp\/v2\/product_brand?post=56205"},{"taxonomy":"product_cat","embeddable":true,"href":"https:\/\/www.ernstbrunn-apotheke.at\/katalog\/wp-json\/wp\/v2\/product_cat?post=56205"},{"taxonomy":"product_tag","embeddable":true,"href":"https:\/\/www.ernstbrunn-apotheke.at\/katalog\/wp-json\/wp\/v2\/product_tag?post=56205"}],"curies":[{"name":"wp","href":"https:\/\/api.w.org\/{rel}","templated":true}]}}