{"id":56140,"date":"2025-11-10T20:42:56","date_gmt":"2025-11-10T19:42:56","guid":{"rendered":"https:\/\/www.ernstbrunn-apotheke.at\/katalog\/produkt\/basica-compact-500mg-tabletten\/"},"modified":"2025-12-08T17:01:37","modified_gmt":"2025-12-08T16:01:37","slug":"basica-compact-500mg-tabletten","status":"publish","type":"product","link":"https:\/\/www.ernstbrunn-apotheke.at\/katalog\/produkt\/basica-compact-500mg-tabletten\/","title":{"rendered":"Basica compact 500mg Tabletten"},"content":{"rendered":"<p>Basica Compact 50 g Tabletten 120 Stk. f\u00fcr einen ausgeglichenen S\u00e4ure-Basen-Haushalt. Basica Compact sorgt f\u00fcr k\u00f6rperliches und seelischen Wohlbefinden, st\u00e4rkt die Widerstandskraft und f\u00f6rdert die Leistungsf\u00e4higkeit.<\/p>\n","protected":false},"excerpt":{"rendered":"<p>Basica Compact 50 g Tabletten 120 Stk. f\u00fcr einen ausgeglichenen S\u00e4ure-Basen-Haushalt. Basica Compact sorgt f\u00fcr k\u00f6rperliches und seelischen Wohlbefinden, st\u00e4rkt die Widerstandskraft und f\u00f6rdert die Leistungsf\u00e4higkeit.<\/p>\n","protected":false},"featured_media":56142,"template":"","meta":{"_acf_changed":false},"product_brand":[1074],"product_cat":[802],"product_tag":[],"class_list":{"0":"post-56140","1":"product","2":"type-product","3":"status-publish","4":"has-post-thumbnail","6":"product_brand-basica","7":"product_cat-b","8":"pa_packungsgroesse-120-stueck","10":"first","11":"instock","12":"shipping-taxable","13":"purchasable","14":"product-type-simple"},"acf":[],"_links":{"self":[{"href":"https:\/\/www.ernstbrunn-apotheke.at\/katalog\/wp-json\/wp\/v2\/product\/56140","targetHints":{"allow":["GET"]}}],"collection":[{"href":"https:\/\/www.ernstbrunn-apotheke.at\/katalog\/wp-json\/wp\/v2\/product"}],"about":[{"href":"https:\/\/www.ernstbrunn-apotheke.at\/katalog\/wp-json\/wp\/v2\/types\/product"}],"wp:featuredmedia":[{"embeddable":true,"href":"https:\/\/www.ernstbrunn-apotheke.at\/katalog\/wp-json\/wp\/v2\/media\/56142"}],"wp:attachment":[{"href":"https:\/\/www.ernstbrunn-apotheke.at\/katalog\/wp-json\/wp\/v2\/media?parent=56140"}],"wp:term":[{"taxonomy":"product_brand","embeddable":true,"href":"https:\/\/www.ernstbrunn-apotheke.at\/katalog\/wp-json\/wp\/v2\/product_brand?post=56140"},{"taxonomy":"product_cat","embeddable":true,"href":"https:\/\/www.ernstbrunn-apotheke.at\/katalog\/wp-json\/wp\/v2\/product_cat?post=56140"},{"taxonomy":"product_tag","embeddable":true,"href":"https:\/\/www.ernstbrunn-apotheke.at\/katalog\/wp-json\/wp\/v2\/product_tag?post=56140"}],"curies":[{"name":"wp","href":"https:\/\/api.w.org\/{rel}","templated":true}]}}