{"id":55608,"date":"2025-11-10T20:33:10","date_gmt":"2025-11-10T19:33:10","guid":{"rendered":"https:\/\/www.ernstbrunn-apotheke.at\/katalog\/produkt\/bios-taurin-500-mg-kapseln\/"},"modified":"2025-12-08T16:59:41","modified_gmt":"2025-12-08T15:59:41","slug":"bios-taurin-500-mg-kapseln","status":"publish","type":"product","link":"https:\/\/www.ernstbrunn-apotheke.at\/katalog\/produkt\/bios-taurin-500-mg-kapseln\/","title":{"rendered":"Bios Taurin 500 mg Kapseln"},"content":{"rendered":"<p>Bios Taurin 500 mg Kapseln enthalten 500 mg Taurin in einer Hartgelatinekapsel. Taurin ist eine nicht-essentielle Aminos\u00e4ure. Die Struktur dieser Aminos\u00e4ure ist einfach und von geringer Molek\u00fclgr\u00f6\u00dfe. Auf Grund ihres einfachen Aufbaus hat sie keine L- oder D-Form.<\/p>\n","protected":false},"excerpt":{"rendered":"<p>Bios Taurin 500 mg Kapseln enthalten 500 mg Taurin in einer Hartgelatinekapsel. Taurin ist eine nicht-essentielle Aminos\u00e4ure. Die Struktur dieser Aminos\u00e4ure ist einfach und von geringer Molek\u00fclgr\u00f6\u00dfe. Auf Grund ihres einfachen Aufbaus hat sie keine L- oder D-Form.<\/p>\n","protected":false},"featured_media":55610,"template":"","meta":{"_acf_changed":false},"product_brand":[],"product_cat":[802],"product_tag":[],"class_list":{"0":"post-55608","1":"product","2":"type-product","3":"status-publish","4":"has-post-thumbnail","6":"product_cat-b","7":"pa_packungsgroesse-100-stueck","9":"first","10":"instock","11":"shipping-taxable","12":"purchasable","13":"product-type-simple"},"acf":[],"_links":{"self":[{"href":"https:\/\/www.ernstbrunn-apotheke.at\/katalog\/wp-json\/wp\/v2\/product\/55608","targetHints":{"allow":["GET"]}}],"collection":[{"href":"https:\/\/www.ernstbrunn-apotheke.at\/katalog\/wp-json\/wp\/v2\/product"}],"about":[{"href":"https:\/\/www.ernstbrunn-apotheke.at\/katalog\/wp-json\/wp\/v2\/types\/product"}],"wp:featuredmedia":[{"embeddable":true,"href":"https:\/\/www.ernstbrunn-apotheke.at\/katalog\/wp-json\/wp\/v2\/media\/55610"}],"wp:attachment":[{"href":"https:\/\/www.ernstbrunn-apotheke.at\/katalog\/wp-json\/wp\/v2\/media?parent=55608"}],"wp:term":[{"taxonomy":"product_brand","embeddable":true,"href":"https:\/\/www.ernstbrunn-apotheke.at\/katalog\/wp-json\/wp\/v2\/product_brand?post=55608"},{"taxonomy":"product_cat","embeddable":true,"href":"https:\/\/www.ernstbrunn-apotheke.at\/katalog\/wp-json\/wp\/v2\/product_cat?post=55608"},{"taxonomy":"product_tag","embeddable":true,"href":"https:\/\/www.ernstbrunn-apotheke.at\/katalog\/wp-json\/wp\/v2\/product_tag?post=55608"}],"curies":[{"name":"wp","href":"https:\/\/api.w.org\/{rel}","templated":true}]}}