{"id":55474,"date":"2025-11-10T20:30:39","date_gmt":"2025-11-10T19:30:39","guid":{"rendered":"https:\/\/www.ernstbrunn-apotheke.at\/katalog\/produkt\/coenzym-q10-kapseln-120mg\/"},"modified":"2025-12-08T16:59:11","modified_gmt":"2025-12-08T15:59:11","slug":"coenzym-q10-kapseln-120mg","status":"publish","type":"product","link":"https:\/\/www.ernstbrunn-apotheke.at\/katalog\/produkt\/coenzym-q10-kapseln-120mg\/","title":{"rendered":"Coenzym Q10 Kapseln 120mg"},"content":{"rendered":"<p>Gall Pharma Q10 Coenzym 120 mg Kapseln enthalten 120 mg Coenzym Q-10 in einer Hartgelatinekapsel. Coenzym Q-10 ist eine vitamin\u00e4hnliche Substanz. Es wird zum Teil \u00fcber die Nahrung aufgenommen. Seine Bedeutung wird durch die Tatsache unterstrichen, dass es das einzige fettl\u00f6sliche Antioxidans ist, das der K\u00f6rper selbst herstellen kann. Dieses Produkt erhalten Sie in den Packungsgr\u00f6\u00dfen 60 und 120 St\u00fcck. Jetzt bestellen und je 1 Tagesportion Orthomol Immun gratis erhalten!<\/p>\n","protected":false},"excerpt":{"rendered":"<p>Gall Pharma Q10 Coenzym 120 mg Kapseln enthalten 120 mg Coenzym Q-10 in einer Hartgelatinekapsel. Coenzym Q-10 ist eine vitamin\u00e4hnliche Substanz. Es wird zum Teil \u00fcber die Nahrung aufgenommen. Seine Bedeutung wird durch die Tatsache unterstrichen, dass es das einzige fettl\u00f6sliche Antioxidans ist, das der K\u00f6rper selbst herstellen kann. Dieses Produkt erhalten Sie in den [&hellip;]<\/p>\n","protected":false},"featured_media":55476,"template":"","meta":{"_acf_changed":false},"product_brand":[371],"product_cat":[812],"product_tag":[],"class_list":{"0":"post-55474","1":"product","2":"type-product","3":"status-publish","4":"has-post-thumbnail","6":"product_brand-gall-pharma","7":"product_cat-c","8":"pa_packungsgroesse-120-stueck","10":"first","11":"instock","12":"shipping-taxable","13":"purchasable","14":"product-type-simple"},"acf":[],"_links":{"self":[{"href":"https:\/\/www.ernstbrunn-apotheke.at\/katalog\/wp-json\/wp\/v2\/product\/55474","targetHints":{"allow":["GET"]}}],"collection":[{"href":"https:\/\/www.ernstbrunn-apotheke.at\/katalog\/wp-json\/wp\/v2\/product"}],"about":[{"href":"https:\/\/www.ernstbrunn-apotheke.at\/katalog\/wp-json\/wp\/v2\/types\/product"}],"wp:featuredmedia":[{"embeddable":true,"href":"https:\/\/www.ernstbrunn-apotheke.at\/katalog\/wp-json\/wp\/v2\/media\/55476"}],"wp:attachment":[{"href":"https:\/\/www.ernstbrunn-apotheke.at\/katalog\/wp-json\/wp\/v2\/media?parent=55474"}],"wp:term":[{"taxonomy":"product_brand","embeddable":true,"href":"https:\/\/www.ernstbrunn-apotheke.at\/katalog\/wp-json\/wp\/v2\/product_brand?post=55474"},{"taxonomy":"product_cat","embeddable":true,"href":"https:\/\/www.ernstbrunn-apotheke.at\/katalog\/wp-json\/wp\/v2\/product_cat?post=55474"},{"taxonomy":"product_tag","embeddable":true,"href":"https:\/\/www.ernstbrunn-apotheke.at\/katalog\/wp-json\/wp\/v2\/product_tag?post=55474"}],"curies":[{"name":"wp","href":"https:\/\/api.w.org\/{rel}","templated":true}]}}