{"id":55337,"date":"2025-11-10T20:27:55","date_gmt":"2025-11-10T19:27:55","guid":{"rendered":"https:\/\/www.ernstbrunn-apotheke.at\/katalog\/produkt\/vitamin-c-1000-tabletten-ghp\/"},"modified":"2025-12-08T16:58:38","modified_gmt":"2025-12-08T15:58:38","slug":"vitamin-c-1000-tabletten-ghp","status":"publish","type":"product","link":"https:\/\/www.ernstbrunn-apotheke.at\/katalog\/produkt\/vitamin-c-1000-tabletten-ghp\/","title":{"rendered":"Vitamin C 1000 Tabletten GHP"},"content":{"rendered":"<p>Vitamin C 1000 Tabletten GHP dienen zur St\u00e4rkung des Immunsystems, indem die Produktion wei\u00dfer Blutk\u00f6rperchen stimuliert wird. Au\u00dferdem wird die Kollagensynthese unterst\u00fctzt. Eine ausreichende Vitamin C Zufuhr ist zudem notwendig f\u00fcr die Elastizit\u00e4t von Haut, Schleimhaut, Knochen, Sehnen und B\u00e4ndern.<\/p>\n","protected":false},"excerpt":{"rendered":"<p>Vitamin C 1000 Tabletten GHP dienen zur St\u00e4rkung des Immunsystems, indem die Produktion wei\u00dfer Blutk\u00f6rperchen stimuliert wird. Au\u00dferdem wird die Kollagensynthese unterst\u00fctzt. Eine ausreichende Vitamin C Zufuhr ist zudem notwendig f\u00fcr die Elastizit\u00e4t von Haut, Schleimhaut, Knochen, Sehnen und B\u00e4ndern.<\/p>\n","protected":false},"featured_media":55339,"template":"","meta":{"_acf_changed":false},"product_brand":[],"product_cat":[799],"product_tag":[],"class_list":{"0":"post-55337","1":"product","2":"type-product","3":"status-publish","4":"has-post-thumbnail","6":"product_cat-v","7":"pa_packungsgroesse-90-stueck","9":"first","10":"instock","11":"shipping-taxable","12":"purchasable","13":"product-type-simple"},"acf":[],"_links":{"self":[{"href":"https:\/\/www.ernstbrunn-apotheke.at\/katalog\/wp-json\/wp\/v2\/product\/55337","targetHints":{"allow":["GET"]}}],"collection":[{"href":"https:\/\/www.ernstbrunn-apotheke.at\/katalog\/wp-json\/wp\/v2\/product"}],"about":[{"href":"https:\/\/www.ernstbrunn-apotheke.at\/katalog\/wp-json\/wp\/v2\/types\/product"}],"wp:featuredmedia":[{"embeddable":true,"href":"https:\/\/www.ernstbrunn-apotheke.at\/katalog\/wp-json\/wp\/v2\/media\/55339"}],"wp:attachment":[{"href":"https:\/\/www.ernstbrunn-apotheke.at\/katalog\/wp-json\/wp\/v2\/media?parent=55337"}],"wp:term":[{"taxonomy":"product_brand","embeddable":true,"href":"https:\/\/www.ernstbrunn-apotheke.at\/katalog\/wp-json\/wp\/v2\/product_brand?post=55337"},{"taxonomy":"product_cat","embeddable":true,"href":"https:\/\/www.ernstbrunn-apotheke.at\/katalog\/wp-json\/wp\/v2\/product_cat?post=55337"},{"taxonomy":"product_tag","embeddable":true,"href":"https:\/\/www.ernstbrunn-apotheke.at\/katalog\/wp-json\/wp\/v2\/product_tag?post=55337"}],"curies":[{"name":"wp","href":"https:\/\/api.w.org\/{rel}","templated":true}]}}