{"id":54910,"date":"2025-11-10T20:19:21","date_gmt":"2025-11-10T19:19:21","guid":{"rendered":"https:\/\/www.ernstbrunn-apotheke.at\/katalog\/produkt\/terrakraft-trinkextrakt-500-ml\/"},"modified":"2025-12-08T16:57:16","modified_gmt":"2025-12-08T15:57:16","slug":"terrakraft-trinkextrakt-500-ml","status":"publish","type":"product","link":"https:\/\/www.ernstbrunn-apotheke.at\/katalog\/produkt\/terrakraft-trinkextrakt-500-ml\/","title":{"rendered":"Terrakraft Trinkextrakt 500 ml"},"content":{"rendered":"<p>Terrakraft Trinkextrakt wirkt u.a. entz\u00fcndungshemmend, schmerzstillend, juckreizstillend, k\u00fchlend, reinigend, antiallergisch und vieles mehr. Sehr gut geeignet bei praktisch allen Hauterkrankungen, Entz\u00fcndungen (auch Gelenkentz\u00fcndungen), Magen- und Darmerkrankungen.<\/p>\n","protected":false},"excerpt":{"rendered":"<p>Terrakraft Trinkextrakt wirkt u.a. entz\u00fcndungshemmend, schmerzstillend, juckreizstillend, k\u00fchlend, reinigend, antiallergisch und vieles mehr. Sehr gut geeignet bei praktisch allen Hauterkrankungen, Entz\u00fcndungen (auch Gelenkentz\u00fcndungen), Magen- und Darmerkrankungen.<\/p>\n","protected":false},"featured_media":54912,"template":"","meta":{"_acf_changed":false},"product_brand":[],"product_cat":[798],"product_tag":[],"class_list":{"0":"post-54910","1":"product","2":"type-product","3":"status-publish","4":"has-post-thumbnail","6":"product_cat-t","7":"pa_packungsgroesse-500ml","9":"first","10":"instock","11":"shipping-taxable","12":"purchasable","13":"product-type-simple"},"acf":[],"_links":{"self":[{"href":"https:\/\/www.ernstbrunn-apotheke.at\/katalog\/wp-json\/wp\/v2\/product\/54910","targetHints":{"allow":["GET"]}}],"collection":[{"href":"https:\/\/www.ernstbrunn-apotheke.at\/katalog\/wp-json\/wp\/v2\/product"}],"about":[{"href":"https:\/\/www.ernstbrunn-apotheke.at\/katalog\/wp-json\/wp\/v2\/types\/product"}],"wp:featuredmedia":[{"embeddable":true,"href":"https:\/\/www.ernstbrunn-apotheke.at\/katalog\/wp-json\/wp\/v2\/media\/54912"}],"wp:attachment":[{"href":"https:\/\/www.ernstbrunn-apotheke.at\/katalog\/wp-json\/wp\/v2\/media?parent=54910"}],"wp:term":[{"taxonomy":"product_brand","embeddable":true,"href":"https:\/\/www.ernstbrunn-apotheke.at\/katalog\/wp-json\/wp\/v2\/product_brand?post=54910"},{"taxonomy":"product_cat","embeddable":true,"href":"https:\/\/www.ernstbrunn-apotheke.at\/katalog\/wp-json\/wp\/v2\/product_cat?post=54910"},{"taxonomy":"product_tag","embeddable":true,"href":"https:\/\/www.ernstbrunn-apotheke.at\/katalog\/wp-json\/wp\/v2\/product_tag?post=54910"}],"curies":[{"name":"wp","href":"https:\/\/api.w.org\/{rel}","templated":true}]}}