{"id":54764,"date":"2025-11-10T20:16:54","date_gmt":"2025-11-10T19:16:54","guid":{"rendered":"https:\/\/www.ernstbrunn-apotheke.at\/katalog\/produkt\/zink-kapseln-biotin-80-stk\/"},"modified":"2025-12-08T16:56:50","modified_gmt":"2025-12-08T15:56:50","slug":"zink-kapseln-biotin-80-stk","status":"publish","type":"product","link":"https:\/\/www.ernstbrunn-apotheke.at\/katalog\/produkt\/zink-kapseln-biotin-80-stk\/","title":{"rendered":"Zink Kapseln Biotin 80 Stk."},"content":{"rendered":"<p>Zink Kapseln tragen zu einer normalen Funktion des Immunsystems bei. Zink wirkt positiv auf die Sehkraft und ist dar\u00fcber hinaus wichtig f\u00fcr Haut, Haare, N\u00e4gel und Knochen<\/p>\n","protected":false},"excerpt":{"rendered":"<p>Zink Kapseln tragen zu einer normalen Funktion des Immunsystems bei. Zink wirkt positiv auf die Sehkraft und ist dar\u00fcber hinaus wichtig f\u00fcr Haut, Haare, N\u00e4gel und Knochen<\/p>\n","protected":false},"featured_media":54766,"template":"","meta":{"_acf_changed":false},"product_brand":[447],"product_cat":[803],"product_tag":[],"class_list":{"0":"post-54764","1":"product","2":"type-product","3":"status-publish","4":"has-post-thumbnail","6":"product_brand-doskar","7":"product_cat-z","8":"pa_packungsgroesse-80-stueck","10":"first","11":"instock","12":"shipping-taxable","13":"purchasable","14":"product-type-simple"},"acf":[],"_links":{"self":[{"href":"https:\/\/www.ernstbrunn-apotheke.at\/katalog\/wp-json\/wp\/v2\/product\/54764","targetHints":{"allow":["GET"]}}],"collection":[{"href":"https:\/\/www.ernstbrunn-apotheke.at\/katalog\/wp-json\/wp\/v2\/product"}],"about":[{"href":"https:\/\/www.ernstbrunn-apotheke.at\/katalog\/wp-json\/wp\/v2\/types\/product"}],"wp:featuredmedia":[{"embeddable":true,"href":"https:\/\/www.ernstbrunn-apotheke.at\/katalog\/wp-json\/wp\/v2\/media\/54766"}],"wp:attachment":[{"href":"https:\/\/www.ernstbrunn-apotheke.at\/katalog\/wp-json\/wp\/v2\/media?parent=54764"}],"wp:term":[{"taxonomy":"product_brand","embeddable":true,"href":"https:\/\/www.ernstbrunn-apotheke.at\/katalog\/wp-json\/wp\/v2\/product_brand?post=54764"},{"taxonomy":"product_cat","embeddable":true,"href":"https:\/\/www.ernstbrunn-apotheke.at\/katalog\/wp-json\/wp\/v2\/product_cat?post=54764"},{"taxonomy":"product_tag","embeddable":true,"href":"https:\/\/www.ernstbrunn-apotheke.at\/katalog\/wp-json\/wp\/v2\/product_tag?post=54764"}],"curies":[{"name":"wp","href":"https:\/\/api.w.org\/{rel}","templated":true}]}}