{"id":53885,"date":"2025-11-10T19:59:05","date_gmt":"2025-11-10T18:59:05","guid":{"rendered":"https:\/\/www.ernstbrunn-apotheke.at\/katalog\/produkt\/vitamin-k2-mse-kapseln-200-mcg-90-stk\/"},"modified":"2025-12-08T16:54:13","modified_gmt":"2025-12-08T15:54:13","slug":"vitamin-k2-mse-kapseln-200-mcg-90-stk","status":"publish","type":"product","link":"https:\/\/www.ernstbrunn-apotheke.at\/katalog\/produkt\/vitamin-k2-mse-kapseln-200-mcg-90-stk\/","title":{"rendered":"Vitamin K2 MSE Kapseln 200 mcg 90 Stk."},"content":{"rendered":"<p>Vitamin K2 MSE Kapseln 200 mcg sind ein Nahrungserg\u00e4nzungsmittel zur Unterst\u00fctzung einer normalen Blutgerinnung und zur Erhaltung normaler Knochen. Vitamin K2 wird nicht nur \u00fcber die Nahrung aufgenommen, sondern auch in unserem Organismus von der Darmflora gebildet, vorausgesetzt die Darmflora ist nicht gesch\u00e4digt.<\/p>\n","protected":false},"excerpt":{"rendered":"<p>Vitamin K2 MSE Kapseln 200 mcg sind ein Nahrungserg\u00e4nzungsmittel zur Unterst\u00fctzung einer normalen Blutgerinnung und zur Erhaltung normaler Knochen. Vitamin K2 wird nicht nur \u00fcber die Nahrung aufgenommen, sondern auch in unserem Organismus von der Darmflora gebildet, vorausgesetzt die Darmflora ist nicht gesch\u00e4digt.<\/p>\n","protected":false},"featured_media":53887,"template":"","meta":{"_acf_changed":false},"product_brand":[],"product_cat":[799],"product_tag":[],"class_list":{"0":"post-53885","1":"product","2":"type-product","3":"status-publish","4":"has-post-thumbnail","6":"product_cat-v","7":"pa_packungsgroesse-90-stueck","9":"first","10":"instock","11":"shipping-taxable","12":"purchasable","13":"product-type-simple"},"acf":[],"_links":{"self":[{"href":"https:\/\/www.ernstbrunn-apotheke.at\/katalog\/wp-json\/wp\/v2\/product\/53885","targetHints":{"allow":["GET"]}}],"collection":[{"href":"https:\/\/www.ernstbrunn-apotheke.at\/katalog\/wp-json\/wp\/v2\/product"}],"about":[{"href":"https:\/\/www.ernstbrunn-apotheke.at\/katalog\/wp-json\/wp\/v2\/types\/product"}],"wp:featuredmedia":[{"embeddable":true,"href":"https:\/\/www.ernstbrunn-apotheke.at\/katalog\/wp-json\/wp\/v2\/media\/53887"}],"wp:attachment":[{"href":"https:\/\/www.ernstbrunn-apotheke.at\/katalog\/wp-json\/wp\/v2\/media?parent=53885"}],"wp:term":[{"taxonomy":"product_brand","embeddable":true,"href":"https:\/\/www.ernstbrunn-apotheke.at\/katalog\/wp-json\/wp\/v2\/product_brand?post=53885"},{"taxonomy":"product_cat","embeddable":true,"href":"https:\/\/www.ernstbrunn-apotheke.at\/katalog\/wp-json\/wp\/v2\/product_cat?post=53885"},{"taxonomy":"product_tag","embeddable":true,"href":"https:\/\/www.ernstbrunn-apotheke.at\/katalog\/wp-json\/wp\/v2\/product_tag?post=53885"}],"curies":[{"name":"wp","href":"https:\/\/api.w.org\/{rel}","templated":true}]}}