{"id":53861,"date":"2025-11-10T19:58:10","date_gmt":"2025-11-10T18:58:10","guid":{"rendered":"https:\/\/www.ernstbrunn-apotheke.at\/katalog\/produkt\/terrakraft-trinkextrakt-1-l\/"},"modified":"2025-12-08T16:54:07","modified_gmt":"2025-12-08T15:54:07","slug":"terrakraft-trinkextrakt-1-l","status":"publish","type":"product","link":"https:\/\/www.ernstbrunn-apotheke.at\/katalog\/produkt\/terrakraft-trinkextrakt-1-l\/","title":{"rendered":"Terrakraft Trinkextrakt 1 L"},"content":{"rendered":"<p>Terrakraft Trinkextrakt wirkt u.a. entz\u00fcndungshemmend, schmerzstillend, juckreizstillend, k\u00fchlend, reinigend, antiallergisch und vieles mehr. Sehr gut geeignet bei praktisch allen Hauterkrankungen, Entz\u00fcndungen (auch Gelenkentz\u00fcndungen), Magen- und Darmerkrankungen.<\/p>\n","protected":false},"excerpt":{"rendered":"<p>Terrakraft Trinkextrakt wirkt u.a. entz\u00fcndungshemmend, schmerzstillend, juckreizstillend, k\u00fchlend, reinigend, antiallergisch und vieles mehr. Sehr gut geeignet bei praktisch allen Hauterkrankungen, Entz\u00fcndungen (auch Gelenkentz\u00fcndungen), Magen- und Darmerkrankungen.<\/p>\n","protected":false},"featured_media":53863,"template":"","meta":{"_acf_changed":false},"product_brand":[],"product_cat":[798],"product_tag":[],"class_list":{"0":"post-53861","1":"product","2":"type-product","3":"status-publish","4":"has-post-thumbnail","6":"product_cat-t","7":"pa_packungsgroesse-1l","9":"first","10":"instock","11":"shipping-taxable","12":"purchasable","13":"product-type-simple"},"acf":[],"_links":{"self":[{"href":"https:\/\/www.ernstbrunn-apotheke.at\/katalog\/wp-json\/wp\/v2\/product\/53861","targetHints":{"allow":["GET"]}}],"collection":[{"href":"https:\/\/www.ernstbrunn-apotheke.at\/katalog\/wp-json\/wp\/v2\/product"}],"about":[{"href":"https:\/\/www.ernstbrunn-apotheke.at\/katalog\/wp-json\/wp\/v2\/types\/product"}],"wp:featuredmedia":[{"embeddable":true,"href":"https:\/\/www.ernstbrunn-apotheke.at\/katalog\/wp-json\/wp\/v2\/media\/53863"}],"wp:attachment":[{"href":"https:\/\/www.ernstbrunn-apotheke.at\/katalog\/wp-json\/wp\/v2\/media?parent=53861"}],"wp:term":[{"taxonomy":"product_brand","embeddable":true,"href":"https:\/\/www.ernstbrunn-apotheke.at\/katalog\/wp-json\/wp\/v2\/product_brand?post=53861"},{"taxonomy":"product_cat","embeddable":true,"href":"https:\/\/www.ernstbrunn-apotheke.at\/katalog\/wp-json\/wp\/v2\/product_cat?post=53861"},{"taxonomy":"product_tag","embeddable":true,"href":"https:\/\/www.ernstbrunn-apotheke.at\/katalog\/wp-json\/wp\/v2\/product_tag?post=53861"}],"curies":[{"name":"wp","href":"https:\/\/api.w.org\/{rel}","templated":true}]}}