{"id":53801,"date":"2025-11-10T19:57:09","date_gmt":"2025-11-10T18:57:09","guid":{"rendered":"https:\/\/www.ernstbrunn-apotheke.at\/katalog\/produkt\/vitamin-b6-kapseln\/"},"modified":"2025-12-08T16:53:58","modified_gmt":"2025-12-08T15:53:58","slug":"vitamin-b6-kapseln","status":"publish","type":"product","link":"https:\/\/www.ernstbrunn-apotheke.at\/katalog\/produkt\/vitamin-b6-kapseln\/","title":{"rendered":"Vitamin B6 Kapseln"},"content":{"rendered":"<p>Gall Pharma Vitamin B 6 Kapseln enthalten 2,0 mg Pyridoxinhydrochlorid in einer Hartgelatinekapsel. Pyridoxin ist wichtig f\u00fcr den Gewebsstoffwechsel, speziell der Leber, des Nervensystems und der Haut.Dieses Produkt ist in den Packungsgr\u00f6\u00dfen 30 und 60 St\u00fcck erh\u00e4ltlich.<\/p>\n","protected":false},"excerpt":{"rendered":"<p>Gall Pharma Vitamin B 6 Kapseln enthalten 2,0 mg Pyridoxinhydrochlorid in einer Hartgelatinekapsel. Pyridoxin ist wichtig f\u00fcr den Gewebsstoffwechsel, speziell der Leber, des Nervensystems und der Haut.Dieses Produkt ist in den Packungsgr\u00f6\u00dfen 30 und 60 St\u00fcck erh\u00e4ltlich.<\/p>\n","protected":false},"featured_media":53803,"template":"","meta":{"_acf_changed":false},"product_brand":[371],"product_cat":[799],"product_tag":[],"class_list":{"0":"post-53801","1":"product","2":"type-product","3":"status-publish","4":"has-post-thumbnail","6":"product_brand-gall-pharma","7":"product_cat-v","8":"pa_packungsgroesse-30-stueck","9":"pa_packungsgroesse-60-stueck","11":"first","12":"instock","13":"shipping-taxable","14":"purchasable","15":"product-type-simple"},"acf":[],"_links":{"self":[{"href":"https:\/\/www.ernstbrunn-apotheke.at\/katalog\/wp-json\/wp\/v2\/product\/53801","targetHints":{"allow":["GET"]}}],"collection":[{"href":"https:\/\/www.ernstbrunn-apotheke.at\/katalog\/wp-json\/wp\/v2\/product"}],"about":[{"href":"https:\/\/www.ernstbrunn-apotheke.at\/katalog\/wp-json\/wp\/v2\/types\/product"}],"wp:featuredmedia":[{"embeddable":true,"href":"https:\/\/www.ernstbrunn-apotheke.at\/katalog\/wp-json\/wp\/v2\/media\/53803"}],"wp:attachment":[{"href":"https:\/\/www.ernstbrunn-apotheke.at\/katalog\/wp-json\/wp\/v2\/media?parent=53801"}],"wp:term":[{"taxonomy":"product_brand","embeddable":true,"href":"https:\/\/www.ernstbrunn-apotheke.at\/katalog\/wp-json\/wp\/v2\/product_brand?post=53801"},{"taxonomy":"product_cat","embeddable":true,"href":"https:\/\/www.ernstbrunn-apotheke.at\/katalog\/wp-json\/wp\/v2\/product_cat?post=53801"},{"taxonomy":"product_tag","embeddable":true,"href":"https:\/\/www.ernstbrunn-apotheke.at\/katalog\/wp-json\/wp\/v2\/product_tag?post=53801"}],"curies":[{"name":"wp","href":"https:\/\/api.w.org\/{rel}","templated":true}]}}