{"id":53766,"date":"2025-11-10T19:56:21","date_gmt":"2025-11-10T18:56:21","guid":{"rendered":"https:\/\/www.ernstbrunn-apotheke.at\/katalog\/produkt\/dr-grubers-eisen-chelat-kombi-tabletten\/"},"modified":"2025-12-08T16:53:52","modified_gmt":"2025-12-08T15:53:52","slug":"dr-grubers-eisen-chelat-kombi-tabletten","status":"publish","type":"product","link":"https:\/\/www.ernstbrunn-apotheke.at\/katalog\/produkt\/dr-grubers-eisen-chelat-kombi-tabletten\/","title":{"rendered":"Dr. Grubers Eisen Chelat Kombi Tabletten"},"content":{"rendered":"<p class=\"MsoNormal\">Eisen tr\u00e4gt zur normalen kognitiven Funktion*, Bildung vonroten Blutk\u00f6rperchen und H\u00e4moglobin bei und hat eine lebensnotwendige Funktionbei der Zellteilung und ist f\u00fcr den Sauerstofftransport im K\u00f6rper verantwortlich.Eisen und Vitamin C verringern ebenso M\u00fcdigkeit und Erm\u00fcdung.<\/p>\n<p class=\"MsoNormal\">Die Spurenelemente Eisen und Kupfer und das Vitamin C tragenf\u00fcr die normale Funktion des Immunsystems und den Energiestoffwechsel bei.<\/p>\n<p class=\"MsoNormal\">Da Kupfer auch f\u00fcr den Eisentransport im K\u00f6rperverantwortlich ist und Vitamin C die Eisenaufnahme erh\u00f6ht, ist dieses inKombination mit Eisen sehr sinnvoll.<\/p>\n<p class=\"MsoNormal\">\u00a0Wichtig ist Kupferf\u00fcr die normale Haar- und Hautpigmentierung, das Bindegewebe und kombiniert mitVitamin C f\u00fcr die Funktion des Nervensystems.<\/p>\n<p class=\"MsoNormal\">Kupfer und Vitamin C tr\u00e4gt dazu bei, die Zellen voroxidativem Stress zu sch\u00fctzen und hat die Funktion eines Antioxidans.<\/p>\n<p class=\"MsoNormal\">Vitamin C ist f\u00fcr die Kollagenbildung verantwortlich. Auchf\u00fcr eine normale Kollagenversorgung von Sehnen und B\u00e4ndern (ganz wichtig beiSportlern), Haut, Z\u00e4hnen, Zahnfleisch, Knochen- und Knorpelfunktionen und dieFunktion der Blutgef\u00e4\u00dfe notwendig. Es tr\u00e4gt zur normalen psychischen Funktion**und zur Regeneration der reduzierten Form von Vitamin E bei.<\/p>\n<p class=\"MsoNormal\">*Als kognitive Funktionen werden in der Psychologie dasmenschliche Denken, Wahrnehmen, F\u00fchlen, Handeln, Urteilen und Wollenbezeichnet.<\/p>\n<p>**Darunter versteht man seelische Leistungen,die f\u00fcr den Ablauf eines Lernprozesses notwendig sind. Motivation, Wahrnehmung,Denken, Ged\u00e4chtnis oder der Wille zur Erledigung von Aufgaben z\u00e4hlen dazu<\/p>\n","protected":false},"excerpt":{"rendered":"<p>Eisen tr\u00e4gt zur normalen kognitiven Funktion*, Bildung vonroten Blutk\u00f6rperchen und H\u00e4moglobin bei und hat eine lebensnotwendige Funktionbei der Zellteilung und ist f\u00fcr den Sauerstofftransport im K\u00f6rper verantwortlich.Eisen und Vitamin C verringern ebenso M\u00fcdigkeit und Erm\u00fcdung. Die Spurenelemente Eisen und Kupfer und das Vitamin C tragenf\u00fcr die normale Funktion des Immunsystems und den Energiestoffwechsel bei. Da [&hellip;]<\/p>\n","protected":false},"featured_media":53768,"template":"","meta":{"_acf_changed":false},"product_brand":[],"product_cat":[792],"product_tag":[],"class_list":{"0":"post-53766","1":"product","2":"type-product","3":"status-publish","4":"has-post-thumbnail","6":"product_cat-d","7":"pa_farbe-beige-weiss","8":"pa_geschmack-neutral","9":"pa_packungsgroesse-50-stueck","11":"first","12":"instock","13":"shipping-taxable","14":"purchasable","15":"product-type-simple"},"acf":[],"_links":{"self":[{"href":"https:\/\/www.ernstbrunn-apotheke.at\/katalog\/wp-json\/wp\/v2\/product\/53766","targetHints":{"allow":["GET"]}}],"collection":[{"href":"https:\/\/www.ernstbrunn-apotheke.at\/katalog\/wp-json\/wp\/v2\/product"}],"about":[{"href":"https:\/\/www.ernstbrunn-apotheke.at\/katalog\/wp-json\/wp\/v2\/types\/product"}],"wp:featuredmedia":[{"embeddable":true,"href":"https:\/\/www.ernstbrunn-apotheke.at\/katalog\/wp-json\/wp\/v2\/media\/53768"}],"wp:attachment":[{"href":"https:\/\/www.ernstbrunn-apotheke.at\/katalog\/wp-json\/wp\/v2\/media?parent=53766"}],"wp:term":[{"taxonomy":"product_brand","embeddable":true,"href":"https:\/\/www.ernstbrunn-apotheke.at\/katalog\/wp-json\/wp\/v2\/product_brand?post=53766"},{"taxonomy":"product_cat","embeddable":true,"href":"https:\/\/www.ernstbrunn-apotheke.at\/katalog\/wp-json\/wp\/v2\/product_cat?post=53766"},{"taxonomy":"product_tag","embeddable":true,"href":"https:\/\/www.ernstbrunn-apotheke.at\/katalog\/wp-json\/wp\/v2\/product_tag?post=53766"}],"curies":[{"name":"wp","href":"https:\/\/api.w.org\/{rel}","templated":true}]}}