{"id":53577,"date":"2025-11-10T19:52:31","date_gmt":"2025-11-10T18:52:31","guid":{"rendered":"https:\/\/www.ernstbrunn-apotheke.at\/katalog\/produkt\/twardy-vitamin-b-komplex-kapseln-60-stk\/"},"modified":"2025-12-08T16:53:15","modified_gmt":"2025-12-08T15:53:15","slug":"twardy-vitamin-b-komplex-kapseln-60-stk","status":"publish","type":"product","link":"https:\/\/www.ernstbrunn-apotheke.at\/katalog\/produkt\/twardy-vitamin-b-komplex-kapseln-60-stk\/","title":{"rendered":"Twardy Vitamin B-Komplex Kapseln 60 Stk."},"content":{"rendered":"<p>Twardy Vitamin B-Komplex Kapseln enth\u00e4lt eine ausgewogene Kombination aller acht B-Vitamine. Biotin, Niacin sowie die Vitamine B1, B2, B6 und B12 unterst\u00fctzen die normale Funktion des Nervensystems und tragen zusammen mit Pantothens\u00e4ure zum normalen Energiestoffwechsel bei.<\/p>\n","protected":false},"excerpt":{"rendered":"<p>Twardy Vitamin B-Komplex Kapseln enth\u00e4lt eine ausgewogene Kombination aller acht B-Vitamine. Biotin, Niacin sowie die Vitamine B1, B2, B6 und B12 unterst\u00fctzen die normale Funktion des Nervensystems und tragen zusammen mit Pantothens\u00e4ure zum normalen Energiestoffwechsel bei.<\/p>\n","protected":false},"featured_media":53579,"template":"","meta":{"_acf_changed":false},"product_brand":[507],"product_cat":[798],"product_tag":[],"class_list":{"0":"post-53577","1":"product","2":"type-product","3":"status-publish","4":"has-post-thumbnail","6":"product_brand-twardy","7":"product_cat-t","8":"pa_packungsgroesse-60-stueck","10":"first","11":"instock","12":"shipping-taxable","13":"purchasable","14":"product-type-simple"},"acf":[],"_links":{"self":[{"href":"https:\/\/www.ernstbrunn-apotheke.at\/katalog\/wp-json\/wp\/v2\/product\/53577","targetHints":{"allow":["GET"]}}],"collection":[{"href":"https:\/\/www.ernstbrunn-apotheke.at\/katalog\/wp-json\/wp\/v2\/product"}],"about":[{"href":"https:\/\/www.ernstbrunn-apotheke.at\/katalog\/wp-json\/wp\/v2\/types\/product"}],"wp:featuredmedia":[{"embeddable":true,"href":"https:\/\/www.ernstbrunn-apotheke.at\/katalog\/wp-json\/wp\/v2\/media\/53579"}],"wp:attachment":[{"href":"https:\/\/www.ernstbrunn-apotheke.at\/katalog\/wp-json\/wp\/v2\/media?parent=53577"}],"wp:term":[{"taxonomy":"product_brand","embeddable":true,"href":"https:\/\/www.ernstbrunn-apotheke.at\/katalog\/wp-json\/wp\/v2\/product_brand?post=53577"},{"taxonomy":"product_cat","embeddable":true,"href":"https:\/\/www.ernstbrunn-apotheke.at\/katalog\/wp-json\/wp\/v2\/product_cat?post=53577"},{"taxonomy":"product_tag","embeddable":true,"href":"https:\/\/www.ernstbrunn-apotheke.at\/katalog\/wp-json\/wp\/v2\/product_tag?post=53577"}],"curies":[{"name":"wp","href":"https:\/\/api.w.org\/{rel}","templated":true}]}}